{"id":1274,"date":"2020-08-05T13:26:30","date_gmt":"2020-08-05T10:26:30","guid":{"rendered":"https:\/\/www.espoonkuvataiteilijat.fi\/?post_type=nayttelyt&#038;p=1274"},"modified":"2020-09-10T14:19:00","modified_gmt":"2020-09-10T11:19:00","slug":"janne-hokkanen-and-anna-liisa-kankaanmaki","status":"publish","type":"nayttelyt","link":"https:\/\/www.espoonkuvataiteilijat.fi\/en\/nayttelyt\/janne-hokkanen-and-anna-liisa-kankaanmaki\/","title":{"rendered":"Janne Hokkanen and Anna-Liisa Kankaanm\u00e4ki"},"content":{"rendered":"\n<p>Welcome to the opening of the exhibition on Tue 1.9. At 17.00.<\/p>\n\n\n\n<p><strong>A Shared World<\/strong><\/p>\n\n\n\n<p>Artworks in the show Shared World tells stories from our small world\u00b4s point of view in the galactic scale.<\/p>\n\n\n\n<p>In his oeuvre Janne Hokkanen handles the whole biosphere of our globe, which he mirrors through evolution of species through millions of years. With his art he wants to remind us how special it is to be alive and that we are all responcible of life on earth. Our endless need of resources affects nature\u00b4s ecosystems.<\/p>\n\n\n\n<p>In her most recent paintings Anna-Liisa Kankaanm\u00e4ki covers themes of degradation of the biodiversity and decreasing of greenspaces. In her paintings people are trying to get back to disappearing nature. Through her works she asks question what are the vestiges that humans leave compared to the landscapes of the romantic era.<\/p>\n\n\n\n<p>Janne Hokkanen (b. 1983) is a visual artist from Tampere Finland. He has a bachelor\u00b4s degree and a master\u00b4s degree (Mfa) from Satakunta Univercity of Applied Sciences.<\/p>\n\n\n\n<p>Anna-Liisa Kankaanm\u00e4ki (b.1985) gratuated from the Lahti Institute of Fine Arts in 2009. She has a Masters degree (MA) from Aalto University from 2012.<\/p>\n\n\n\n<p>Picture above: Anna-Liisa Kankaanm\u00e4ki, Piknik ruohikolla, 2020, acryl and oil on canvas, 145 x 189 cm<\/p>\n","protected":false},"featured_media":1275,"template":"","tags":[],"class_list":["post-1274","nayttelyt","type-nayttelyt","status-publish","has-post-thumbnail","hentry"],"acf":[],"yoast_head":"<!-- This site is optimized with the Yoast SEO plugin v24.2 - https:\/\/yoast.com\/wordpress\/plugins\/seo\/ -->\n<title>Janne Hokkanen and Anna-Liisa Kankaanm\u00e4ki - Espoon Kuvataiteilijat<\/title>\n<meta name=\"robots\" content=\"index, follow, max-snippet:-1, max-image-preview:large, max-video-preview:-1\" \/>\n<link rel=\"canonical\" href=\"https:\/\/www.espoonkuvataiteilijat.fi\/en\/nayttelyt\/janne-hokkanen-and-anna-liisa-kankaanmaki\/\" \/>\n<meta property=\"og:locale\" content=\"en_US\" \/>\n<meta property=\"og:type\" content=\"article\" \/>\n<meta property=\"og:title\" content=\"Janne Hokkanen and Anna-Liisa Kankaanm\u00e4ki - Espoon Kuvataiteilijat\" \/>\n<meta property=\"og:description\" content=\"Welcome to the opening of the exhibition on Tue 1.9. At 17.00. A Shared World Artworks in the show Shared World tells stories from our small world\u00b4s point of view in the galactic scale. In his oeuvre Janne Hokkanen handles the whole biosphere of our globe, which he mirrors through evolution of species through millions [&hellip;]\" \/>\n<meta property=\"og:url\" content=\"https:\/\/www.espoonkuvataiteilijat.fi\/en\/nayttelyt\/janne-hokkanen-and-anna-liisa-kankaanmaki\/\" \/>\n<meta property=\"og:site_name\" content=\"Espoon Kuvataiteilijat\" \/>\n<meta property=\"article:modified_time\" content=\"2020-09-10T11:19:00+00:00\" \/>\n<meta property=\"og:image\" content=\"https:\/\/www.espoonkuvataiteilijat.fi\/wp-content\/uploads\/2020\/08\/PicnicRuohikollaKutsukuvaSyyskuu2020.jpg\" \/>\n\t<meta property=\"og:image:width\" content=\"1300\" \/>\n\t<meta property=\"og:image:height\" content=\"1000\" \/>\n\t<meta property=\"og:image:type\" content=\"image\/jpeg\" \/>\n<meta name=\"twitter:card\" content=\"summary_large_image\" \/>\n<meta name=\"twitter:label1\" content=\"Est. reading time\" \/>\n\t<meta name=\"twitter:data1\" content=\"1 minute\" \/>\n<script type=\"application\/ld+json\" class=\"yoast-schema-graph\">{\"@context\":\"https:\/\/schema.org\",\"@graph\":[{\"@type\":\"WebPage\",\"@id\":\"https:\/\/www.espoonkuvataiteilijat.fi\/en\/nayttelyt\/janne-hokkanen-and-anna-liisa-kankaanmaki\/\",\"url\":\"https:\/\/www.espoonkuvataiteilijat.fi\/en\/nayttelyt\/janne-hokkanen-and-anna-liisa-kankaanmaki\/\",\"name\":\"Janne Hokkanen and Anna-Liisa Kankaanm\u00e4ki - Espoon Kuvataiteilijat\",\"isPartOf\":{\"@id\":\"https:\/\/www.espoonkuvataiteilijat.fi\/#website\"},\"primaryImageOfPage\":{\"@id\":\"https:\/\/www.espoonkuvataiteilijat.fi\/en\/nayttelyt\/janne-hokkanen-and-anna-liisa-kankaanmaki\/#primaryimage\"},\"image\":{\"@id\":\"https:\/\/www.espoonkuvataiteilijat.fi\/en\/nayttelyt\/janne-hokkanen-and-anna-liisa-kankaanmaki\/#primaryimage\"},\"thumbnailUrl\":\"https:\/\/www.espoonkuvataiteilijat.fi\/wp-content\/uploads\/2020\/08\/PicnicRuohikollaKutsukuvaSyyskuu2020.jpg\",\"datePublished\":\"2020-08-05T10:26:30+00:00\",\"dateModified\":\"2020-09-10T11:19:00+00:00\",\"breadcrumb\":{\"@id\":\"https:\/\/www.espoonkuvataiteilijat.fi\/en\/nayttelyt\/janne-hokkanen-and-anna-liisa-kankaanmaki\/#breadcrumb\"},\"inLanguage\":\"en-US\",\"potentialAction\":[{\"@type\":\"ReadAction\",\"target\":[\"https:\/\/www.espoonkuvataiteilijat.fi\/en\/nayttelyt\/janne-hokkanen-and-anna-liisa-kankaanmaki\/\"]}]},{\"@type\":\"ImageObject\",\"inLanguage\":\"en-US\",\"@id\":\"https:\/\/www.espoonkuvataiteilijat.fi\/en\/nayttelyt\/janne-hokkanen-and-anna-liisa-kankaanmaki\/#primaryimage\",\"url\":\"https:\/\/www.espoonkuvataiteilijat.fi\/wp-content\/uploads\/2020\/08\/PicnicRuohikollaKutsukuvaSyyskuu2020.jpg\",\"contentUrl\":\"https:\/\/www.espoonkuvataiteilijat.fi\/wp-content\/uploads\/2020\/08\/PicnicRuohikollaKutsukuvaSyyskuu2020.jpg\",\"width\":1300,\"height\":1000,\"caption\":\"Anna-Liisa Kankaanm\u00e4ki Piknik ruohikolla ,akryyli ja \u00f6ljyv\u00e4ri kankaalle, 145x189 cm, 2020\"},{\"@type\":\"BreadcrumbList\",\"@id\":\"https:\/\/www.espoonkuvataiteilijat.fi\/en\/nayttelyt\/janne-hokkanen-and-anna-liisa-kankaanmaki\/#breadcrumb\",\"itemListElement\":[{\"@type\":\"ListItem\",\"position\":1,\"name\":\"Home\",\"item\":\"https:\/\/www.espoonkuvataiteilijat.fi\/en\/\"},{\"@type\":\"ListItem\",\"position\":2,\"name\":\"Janne Hokkanen and Anna-Liisa Kankaanm\u00e4ki\"}]},{\"@type\":\"WebSite\",\"@id\":\"https:\/\/www.espoonkuvataiteilijat.fi\/#website\",\"url\":\"https:\/\/www.espoonkuvataiteilijat.fi\/\",\"name\":\"Espoon Kuvataiteilijat\",\"description\":\"\",\"potentialAction\":[{\"@type\":\"SearchAction\",\"target\":{\"@type\":\"EntryPoint\",\"urlTemplate\":\"https:\/\/www.espoonkuvataiteilijat.fi\/?s={search_term_string}\"},\"query-input\":{\"@type\":\"PropertyValueSpecification\",\"valueRequired\":true,\"valueName\":\"search_term_string\"}}],\"inLanguage\":\"en-US\"}]}<\/script>\n<!-- \/ Yoast SEO plugin. -->","yoast_head_json":{"title":"Janne Hokkanen and Anna-Liisa Kankaanm\u00e4ki - Espoon Kuvataiteilijat","robots":{"index":"index","follow":"follow","max-snippet":"max-snippet:-1","max-image-preview":"max-image-preview:large","max-video-preview":"max-video-preview:-1"},"canonical":"https:\/\/www.espoonkuvataiteilijat.fi\/en\/nayttelyt\/janne-hokkanen-and-anna-liisa-kankaanmaki\/","og_locale":"en_US","og_type":"article","og_title":"Janne Hokkanen and Anna-Liisa Kankaanm\u00e4ki - Espoon Kuvataiteilijat","og_description":"Welcome to the opening of the exhibition on Tue 1.9. At 17.00. A Shared World Artworks in the show Shared World tells stories from our small world\u00b4s point of view in the galactic scale. In his oeuvre Janne Hokkanen handles the whole biosphere of our globe, which he mirrors through evolution of species through millions [&hellip;]","og_url":"https:\/\/www.espoonkuvataiteilijat.fi\/en\/nayttelyt\/janne-hokkanen-and-anna-liisa-kankaanmaki\/","og_site_name":"Espoon Kuvataiteilijat","article_modified_time":"2020-09-10T11:19:00+00:00","og_image":[{"width":1300,"height":1000,"url":"https:\/\/www.espoonkuvataiteilijat.fi\/wp-content\/uploads\/2020\/08\/PicnicRuohikollaKutsukuvaSyyskuu2020.jpg","type":"image\/jpeg"}],"twitter_card":"summary_large_image","twitter_misc":{"Est. reading time":"1 minute"},"schema":{"@context":"https:\/\/schema.org","@graph":[{"@type":"WebPage","@id":"https:\/\/www.espoonkuvataiteilijat.fi\/en\/nayttelyt\/janne-hokkanen-and-anna-liisa-kankaanmaki\/","url":"https:\/\/www.espoonkuvataiteilijat.fi\/en\/nayttelyt\/janne-hokkanen-and-anna-liisa-kankaanmaki\/","name":"Janne Hokkanen and Anna-Liisa Kankaanm\u00e4ki - Espoon Kuvataiteilijat","isPartOf":{"@id":"https:\/\/www.espoonkuvataiteilijat.fi\/#website"},"primaryImageOfPage":{"@id":"https:\/\/www.espoonkuvataiteilijat.fi\/en\/nayttelyt\/janne-hokkanen-and-anna-liisa-kankaanmaki\/#primaryimage"},"image":{"@id":"https:\/\/www.espoonkuvataiteilijat.fi\/en\/nayttelyt\/janne-hokkanen-and-anna-liisa-kankaanmaki\/#primaryimage"},"thumbnailUrl":"https:\/\/www.espoonkuvataiteilijat.fi\/wp-content\/uploads\/2020\/08\/PicnicRuohikollaKutsukuvaSyyskuu2020.jpg","datePublished":"2020-08-05T10:26:30+00:00","dateModified":"2020-09-10T11:19:00+00:00","breadcrumb":{"@id":"https:\/\/www.espoonkuvataiteilijat.fi\/en\/nayttelyt\/janne-hokkanen-and-anna-liisa-kankaanmaki\/#breadcrumb"},"inLanguage":"en-US","potentialAction":[{"@type":"ReadAction","target":["https:\/\/www.espoonkuvataiteilijat.fi\/en\/nayttelyt\/janne-hokkanen-and-anna-liisa-kankaanmaki\/"]}]},{"@type":"ImageObject","inLanguage":"en-US","@id":"https:\/\/www.espoonkuvataiteilijat.fi\/en\/nayttelyt\/janne-hokkanen-and-anna-liisa-kankaanmaki\/#primaryimage","url":"https:\/\/www.espoonkuvataiteilijat.fi\/wp-content\/uploads\/2020\/08\/PicnicRuohikollaKutsukuvaSyyskuu2020.jpg","contentUrl":"https:\/\/www.espoonkuvataiteilijat.fi\/wp-content\/uploads\/2020\/08\/PicnicRuohikollaKutsukuvaSyyskuu2020.jpg","width":1300,"height":1000,"caption":"Anna-Liisa Kankaanm\u00e4ki Piknik ruohikolla ,akryyli ja \u00f6ljyv\u00e4ri kankaalle, 145x189 cm, 2020"},{"@type":"BreadcrumbList","@id":"https:\/\/www.espoonkuvataiteilijat.fi\/en\/nayttelyt\/janne-hokkanen-and-anna-liisa-kankaanmaki\/#breadcrumb","itemListElement":[{"@type":"ListItem","position":1,"name":"Home","item":"https:\/\/www.espoonkuvataiteilijat.fi\/en\/"},{"@type":"ListItem","position":2,"name":"Janne Hokkanen and Anna-Liisa Kankaanm\u00e4ki"}]},{"@type":"WebSite","@id":"https:\/\/www.espoonkuvataiteilijat.fi\/#website","url":"https:\/\/www.espoonkuvataiteilijat.fi\/","name":"Espoon Kuvataiteilijat","description":"","potentialAction":[{"@type":"SearchAction","target":{"@type":"EntryPoint","urlTemplate":"https:\/\/www.espoonkuvataiteilijat.fi\/?s={search_term_string}"},"query-input":{"@type":"PropertyValueSpecification","valueRequired":true,"valueName":"search_term_string"}}],"inLanguage":"en-US"}]}},"_links":{"self":[{"href":"https:\/\/www.espoonkuvataiteilijat.fi\/en\/wp-json\/wp\/v2\/nayttelyt\/1274","targetHints":{"allow":["GET"]}}],"collection":[{"href":"https:\/\/www.espoonkuvataiteilijat.fi\/en\/wp-json\/wp\/v2\/nayttelyt"}],"about":[{"href":"https:\/\/www.espoonkuvataiteilijat.fi\/en\/wp-json\/wp\/v2\/types\/nayttelyt"}],"wp:featuredmedia":[{"embeddable":true,"href":"https:\/\/www.espoonkuvataiteilijat.fi\/en\/wp-json\/wp\/v2\/media\/1275"}],"wp:attachment":[{"href":"https:\/\/www.espoonkuvataiteilijat.fi\/en\/wp-json\/wp\/v2\/media?parent=1274"}],"wp:term":[{"taxonomy":"post_tag","embeddable":true,"href":"https:\/\/www.espoonkuvataiteilijat.fi\/en\/wp-json\/wp\/v2\/tags?post=1274"}],"curies":[{"name":"wp","href":"https:\/\/api.w.org\/{rel}","templated":true}]}}

Janne Hokkanen and Anna-Liisa Kankaanmäki

<p>Welcome to the opening of the exhibition on Tue 1.9. At 17.00.</p>



<p><strong>A Shared World</strong></p>



<p>Artworks in the show Shared World tells stories from our small world´s point of view in the galactic scale.</p>



<p>In his oeuvre Janne Hokkanen handles the whole biosphere of our globe, which he mirrors through evolution of species through millions of years. With his art he wants to remind us how special it is to be alive and that we are all responcible of life on earth. Our endless need of resources affects nature´s ecosystems.</p>



<p>In her most recent paintings Anna-Liisa Kankaanmäki covers themes of degradation of the biodiversity and decreasing of greenspaces. In her paintings people are trying to get back to disappearing nature. Through her works she asks question what are the vestiges that humans leave compared to the landscapes of the romantic era.</p>



<p>Janne Hokkanen (b. 1983) is a visual artist from Tampere Finland. He has a bachelor´s degree and a master´s degree (Mfa) from Satakunta Univercity of Applied Sciences.</p>



<p>Anna-Liisa Kankaanmäki (b.1985) gratuated from the Lahti Institute of Fine Arts in 2009. She has a Masters degree (MA) from Aalto University from 2012.</p>



<p>Picture above: Anna-Liisa Kankaanmäki, Piknik ruohikolla, 2020, acryl and oil on canvas, 145 x 189 cm</p>

<!-- This site is optimized with the Yoast SEO plugin v24.2 - https://yoast.com/wordpress/plugins/seo/ -->
<title>Janne Hokkanen and Anna-Liisa Kankaanmäki - Espoon Kuvataiteilijat</title>
<meta name="robots" content="index, follow, max-snippet:-1, max-image-preview:large, max-video-preview:-1" />
<link rel="canonical" href="https://www.espoonkuvataiteilijat.fi/en/nayttelyt/janne-hokkanen-and-anna-liisa-kankaanmaki/" />
<meta property="og:locale" content="en_US" />
<meta property="og:type" content="article" />
<meta property="og:title" content="Janne Hokkanen and Anna-Liisa Kankaanmäki - Espoon Kuvataiteilijat" />
<meta property="og:description" content="Welcome to the opening of the exhibition on Tue 1.9. At 17.00. A Shared World Artworks in the show Shared World tells stories from our small world´s point of view in the galactic scale. In his oeuvre Janne Hokkanen handles the whole biosphere of our globe, which he mirrors through evolution of species through millions [&hellip;]" />
<meta property="og:url" content="https://www.espoonkuvataiteilijat.fi/en/nayttelyt/janne-hokkanen-and-anna-liisa-kankaanmaki/" />
<meta property="og:site_name" content="Espoon Kuvataiteilijat" />
<meta property="article:modified_time" content="2020-09-10T11:19:00+00:00" />
<meta property="og:image" content="https://www.espoonkuvataiteilijat.fi/wp-content/uploads/2020/08/PicnicRuohikollaKutsukuvaSyyskuu2020.jpg" />
	<meta property="og:image:width" content="1300" />
	<meta property="og:image:height" content="1000" />
	<meta property="og:image:type" content="image/jpeg" />
<meta name="twitter:card" content="summary_large_image" />
<meta name="twitter:label1" content="Est. reading time" />
	<meta name="twitter:data1" content="1 minute" />
<script type="application/ld+json" class="yoast-schema-graph">{"@context":"https://schema.org","@graph":[{"@type":"WebPage","@id":"https://www.espoonkuvataiteilijat.fi/en/nayttelyt/janne-hokkanen-and-anna-liisa-kankaanmaki/","url":"https://www.espoonkuvataiteilijat.fi/en/nayttelyt/janne-hokkanen-and-anna-liisa-kankaanmaki/","name":"Janne Hokkanen and Anna-Liisa Kankaanmäki - Espoon Kuvataiteilijat","isPartOf":{"@id":"https://www.espoonkuvataiteilijat.fi/#website"},"primaryImageOfPage":{"@id":"https://www.espoonkuvataiteilijat.fi/en/nayttelyt/janne-hokkanen-and-anna-liisa-kankaanmaki/#primaryimage"},"image":{"@id":"https://www.espoonkuvataiteilijat.fi/en/nayttelyt/janne-hokkanen-and-anna-liisa-kankaanmaki/#primaryimage"},"thumbnailUrl":"https://www.espoonkuvataiteilijat.fi/wp-content/uploads/2020/08/PicnicRuohikollaKutsukuvaSyyskuu2020.jpg","datePublished":"2020-08-05T10:26:30+00:00","dateModified":"2020-09-10T11:19:00+00:00","breadcrumb":{"@id":"https://www.espoonkuvataiteilijat.fi/en/nayttelyt/janne-hokkanen-and-anna-liisa-kankaanmaki/#breadcrumb"},"inLanguage":"en-US","potentialAction":[{"@type":"ReadAction","target":["https://www.espoonkuvataiteilijat.fi/en/nayttelyt/janne-hokkanen-and-anna-liisa-kankaanmaki/"]}]},{"@type":"ImageObject","inLanguage":"en-US","@id":"https://www.espoonkuvataiteilijat.fi/en/nayttelyt/janne-hokkanen-and-anna-liisa-kankaanmaki/#primaryimage","url":"https://www.espoonkuvataiteilijat.fi/wp-content/uploads/2020/08/PicnicRuohikollaKutsukuvaSyyskuu2020.jpg","contentUrl":"https://www.espoonkuvataiteilijat.fi/wp-content/uploads/2020/08/PicnicRuohikollaKutsukuvaSyyskuu2020.jpg","width":1300,"height":1000,"caption":"Anna-Liisa Kankaanmäki Piknik ruohikolla ,akryyli ja öljyväri kankaalle, 145x189 cm, 2020"},{"@type":"BreadcrumbList","@id":"https://www.espoonkuvataiteilijat.fi/en/nayttelyt/janne-hokkanen-and-anna-liisa-kankaanmaki/#breadcrumb","itemListElement":[{"@type":"ListItem","position":1,"name":"Home","item":"https://www.espoonkuvataiteilijat.fi/en/"},{"@type":"ListItem","position":2,"name":"Janne Hokkanen and Anna-Liisa Kankaanmäki"}]},{"@type":"WebSite","@id":"https://www.espoonkuvataiteilijat.fi/#website","url":"https://www.espoonkuvataiteilijat.fi/","name":"Espoon Kuvataiteilijat","description":"","potentialAction":[{"@type":"SearchAction","target":{"@type":"EntryPoint","urlTemplate":"https://www.espoonkuvataiteilijat.fi/?s={search_term_string}"},"query-input":{"@type":"PropertyValueSpecification","valueRequired":true,"valueName":"search_term_string"}}],"inLanguage":"en-US"}]}</script>
<!-- / Yoast SEO plugin. -->

Janne Hokkanen and Anna-Liisa Kankaanmäki - Espoon Kuvataiteilijat

Anna-Liisa Kankaanmäki Piknik ruohikolla ,akryyli ja öljyväri kankaalle, 145x189 cm, 2020
