{"id":2172,"date":"2022-01-31T14:32:05","date_gmt":"2022-01-31T12:32:05","guid":{"rendered":"https:\/\/www.espoonkuvataiteilijat.fi\/?post_type=nayttelyt&#038;p=2172"},"modified":"2022-01-31T14:35:06","modified_gmt":"2022-01-31T12:35:06","slug":"tuomas-korkalo-ja-kari-sodo-vimma-viima","status":"publish","type":"nayttelyt","link":"https:\/\/www.espoonkuvataiteilijat.fi\/en\/nayttelyt\/tuomas-korkalo-ja-kari-sodo-vimma-viima\/","title":{"rendered":"Tuomas Korkalo ja Kari S\u00f6d\u00f6, Vimma &#038; Viima"},"content":{"rendered":"\n<h3 class=\"wp-block-heading\" id=\"periphery-bluesa-group-exhibition-by-tuomas-korkalo-and-kari-sodo\">PERIPHERY BLUES<br>A Group exhibition by Tuomas Korkalo and Kari S\u00f6d\u00f6<\/h3>\n\n\n\n<p id=\"kari-sodokari-sodo-is-specialised-in-graphic-art-but-in-the-beginning-of-his-career-he-also-made-collages-in-which-he-combined-painting-with-various-methods-of-printing-since-2004-sodo-has-increasingly-been-using-wood-as-a-material-for-his-art-some-of-his-works-have-been-cut-into-shapes-that-remind-pieces-of-jigsaw-puzzle-they-are-reliefs-decorated-with-signs-and-surface-effects-sodo-s-sculptures-that-consist-of-large-forms-and-smaller-parts-are-partly-painted-they-are-combinations-of-loose-and-yet-interconnected-pieces-the-artist-finds-working-with-wooden-modules-a-flexible-process-which-inspires-experiments-chance-interests-him-both-as-a-theme-of-art-as-well-as-a-method-of-working\"><strong>Kari S\u00f6d\u00f6<\/strong><br>Kari S\u00f6d\u00f6 is specialised in graphic art, but in the beginning of his career he also made collages in which he combined painting with various methods of printing. Since 2004 S\u00f6d\u00f6 has increasingly been using wood as a material for his art. Some of his works have been cut into shapes that remind pieces of jigsaw puzzle: they are reliefs decorated with signs and surface effects. S\u00f6d\u00f6\u00b4s sculptures that consist of large forms and smaller parts are partly painted; they are combinations of loose and yet interconnected pieces. The artist finds working with wooden modules a flexible process which inspires experiments. Chance interests him both as a theme of art as well as a method of working.<\/p>\n\n\n\n<p><strong>Tuomas Korkalo<\/strong><br>&#8211; I am artist, painter and curator, based in Rovaniemi, Finnish Lapland \/ Finland.<\/p>\n\n\n\n<p>I paint, draw and create art installations. The abstract and geometric forms that I employ on canvas are evocative of early 20th-century aesthetics as seen in the Bauhaus and Russian avant-garde movement for example. Unlike the Bauhaus aesthetics, I implement watercolour -like technique in my art that adds a complementary lightness to my works. In these works, the geometric and colourful compositions, employed on the canvas by the artist, function by themselves, creating a comforting feeling derived from the pureness of form and symmetry. work also widely in various international and interdisciplinary projects.<\/p>\n\n\n\n<p><br><\/p>\n","protected":false},"featured_media":2164,"template":"","tags":[],"class_list":["post-2172","nayttelyt","type-nayttelyt","status-publish","has-post-thumbnail","hentry"],"acf":[],"yoast_head":"<!-- This site is optimized with the Yoast SEO plugin v24.2 - https:\/\/yoast.com\/wordpress\/plugins\/seo\/ -->\n<title>Tuomas Korkalo ja Kari S\u00f6d\u00f6, Vimma &amp; Viima - Espoon Kuvataiteilijat<\/title>\n<meta name=\"robots\" content=\"index, follow, max-snippet:-1, max-image-preview:large, max-video-preview:-1\" \/>\n<link rel=\"canonical\" href=\"https:\/\/www.espoonkuvataiteilijat.fi\/en\/nayttelyt\/tuomas-korkalo-ja-kari-sodo-vimma-viima\/\" \/>\n<meta property=\"og:locale\" content=\"en_US\" \/>\n<meta property=\"og:type\" content=\"article\" \/>\n<meta property=\"og:title\" content=\"Tuomas Korkalo ja Kari S\u00f6d\u00f6, Vimma &amp; Viima - Espoon Kuvataiteilijat\" \/>\n<meta property=\"og:description\" content=\"PERIPHERY BLUESA Group exhibition by Tuomas Korkalo and Kari S\u00f6d\u00f6 Kari S\u00f6d\u00f6Kari S\u00f6d\u00f6 is specialised in graphic art, but in the beginning of his career he also made collages in which he combined painting with various methods of printing. Since 2004 S\u00f6d\u00f6 has increasingly been using wood as a material for his art. Some of [&hellip;]\" \/>\n<meta property=\"og:url\" content=\"https:\/\/www.espoonkuvataiteilijat.fi\/en\/nayttelyt\/tuomas-korkalo-ja-kari-sodo-vimma-viima\/\" \/>\n<meta property=\"og:site_name\" content=\"Espoon Kuvataiteilijat\" \/>\n<meta property=\"article:modified_time\" content=\"2022-01-31T12:35:06+00:00\" \/>\n<meta property=\"og:image\" content=\"https:\/\/www.espoonkuvataiteilijat.fi\/wp-content\/uploads\/2022\/01\/2022Helmikuu_periphery_cropped_1300px-1.jpg\" \/>\n\t<meta property=\"og:image:width\" content=\"1300\" \/>\n\t<meta property=\"og:image:height\" content=\"1672\" \/>\n\t<meta property=\"og:image:type\" content=\"image\/jpeg\" \/>\n<meta name=\"twitter:card\" content=\"summary_large_image\" \/>\n<meta name=\"twitter:label1\" content=\"Est. reading time\" \/>\n\t<meta name=\"twitter:data1\" content=\"2 minutes\" \/>\n<script type=\"application\/ld+json\" class=\"yoast-schema-graph\">{\"@context\":\"https:\/\/schema.org\",\"@graph\":[{\"@type\":\"WebPage\",\"@id\":\"https:\/\/www.espoonkuvataiteilijat.fi\/en\/nayttelyt\/tuomas-korkalo-ja-kari-sodo-vimma-viima\/\",\"url\":\"https:\/\/www.espoonkuvataiteilijat.fi\/en\/nayttelyt\/tuomas-korkalo-ja-kari-sodo-vimma-viima\/\",\"name\":\"Tuomas Korkalo ja Kari S\u00f6d\u00f6, Vimma & Viima - Espoon Kuvataiteilijat\",\"isPartOf\":{\"@id\":\"https:\/\/www.espoonkuvataiteilijat.fi\/#website\"},\"primaryImageOfPage\":{\"@id\":\"https:\/\/www.espoonkuvataiteilijat.fi\/en\/nayttelyt\/tuomas-korkalo-ja-kari-sodo-vimma-viima\/#primaryimage\"},\"image\":{\"@id\":\"https:\/\/www.espoonkuvataiteilijat.fi\/en\/nayttelyt\/tuomas-korkalo-ja-kari-sodo-vimma-viima\/#primaryimage\"},\"thumbnailUrl\":\"https:\/\/www.espoonkuvataiteilijat.fi\/wp-content\/uploads\/2022\/01\/2022Helmikuu_periphery_cropped_1300px-1.jpg\",\"datePublished\":\"2022-01-31T12:32:05+00:00\",\"dateModified\":\"2022-01-31T12:35:06+00:00\",\"breadcrumb\":{\"@id\":\"https:\/\/www.espoonkuvataiteilijat.fi\/en\/nayttelyt\/tuomas-korkalo-ja-kari-sodo-vimma-viima\/#breadcrumb\"},\"inLanguage\":\"en-US\",\"potentialAction\":[{\"@type\":\"ReadAction\",\"target\":[\"https:\/\/www.espoonkuvataiteilijat.fi\/en\/nayttelyt\/tuomas-korkalo-ja-kari-sodo-vimma-viima\/\"]}]},{\"@type\":\"ImageObject\",\"inLanguage\":\"en-US\",\"@id\":\"https:\/\/www.espoonkuvataiteilijat.fi\/en\/nayttelyt\/tuomas-korkalo-ja-kari-sodo-vimma-viima\/#primaryimage\",\"url\":\"https:\/\/www.espoonkuvataiteilijat.fi\/wp-content\/uploads\/2022\/01\/2022Helmikuu_periphery_cropped_1300px-1.jpg\",\"contentUrl\":\"https:\/\/www.espoonkuvataiteilijat.fi\/wp-content\/uploads\/2022\/01\/2022Helmikuu_periphery_cropped_1300px-1.jpg\",\"width\":1300,\"height\":1672,\"caption\":\"Tuomas Korkalo & Kari S\u00f6d\u00f6 February 2022\"},{\"@type\":\"BreadcrumbList\",\"@id\":\"https:\/\/www.espoonkuvataiteilijat.fi\/en\/nayttelyt\/tuomas-korkalo-ja-kari-sodo-vimma-viima\/#breadcrumb\",\"itemListElement\":[{\"@type\":\"ListItem\",\"position\":1,\"name\":\"Home\",\"item\":\"https:\/\/www.espoonkuvataiteilijat.fi\/en\/\"},{\"@type\":\"ListItem\",\"position\":2,\"name\":\"Tuomas Korkalo ja Kari S\u00f6d\u00f6, Vimma &#038; Viima\"}]},{\"@type\":\"WebSite\",\"@id\":\"https:\/\/www.espoonkuvataiteilijat.fi\/#website\",\"url\":\"https:\/\/www.espoonkuvataiteilijat.fi\/\",\"name\":\"Espoon Kuvataiteilijat\",\"description\":\"\",\"potentialAction\":[{\"@type\":\"SearchAction\",\"target\":{\"@type\":\"EntryPoint\",\"urlTemplate\":\"https:\/\/www.espoonkuvataiteilijat.fi\/?s={search_term_string}\"},\"query-input\":{\"@type\":\"PropertyValueSpecification\",\"valueRequired\":true,\"valueName\":\"search_term_string\"}}],\"inLanguage\":\"en-US\"}]}<\/script>\n<!-- \/ Yoast SEO plugin. -->","yoast_head_json":{"title":"Tuomas Korkalo ja Kari S\u00f6d\u00f6, Vimma & Viima - Espoon Kuvataiteilijat","robots":{"index":"index","follow":"follow","max-snippet":"max-snippet:-1","max-image-preview":"max-image-preview:large","max-video-preview":"max-video-preview:-1"},"canonical":"https:\/\/www.espoonkuvataiteilijat.fi\/en\/nayttelyt\/tuomas-korkalo-ja-kari-sodo-vimma-viima\/","og_locale":"en_US","og_type":"article","og_title":"Tuomas Korkalo ja Kari S\u00f6d\u00f6, Vimma & Viima - Espoon Kuvataiteilijat","og_description":"PERIPHERY BLUESA Group exhibition by Tuomas Korkalo and Kari S\u00f6d\u00f6 Kari S\u00f6d\u00f6Kari S\u00f6d\u00f6 is specialised in graphic art, but in the beginning of his career he also made collages in which he combined painting with various methods of printing. Since 2004 S\u00f6d\u00f6 has increasingly been using wood as a material for his art. Some of [&hellip;]","og_url":"https:\/\/www.espoonkuvataiteilijat.fi\/en\/nayttelyt\/tuomas-korkalo-ja-kari-sodo-vimma-viima\/","og_site_name":"Espoon Kuvataiteilijat","article_modified_time":"2022-01-31T12:35:06+00:00","og_image":[{"width":1300,"height":1672,"url":"https:\/\/www.espoonkuvataiteilijat.fi\/wp-content\/uploads\/2022\/01\/2022Helmikuu_periphery_cropped_1300px-1.jpg","type":"image\/jpeg"}],"twitter_card":"summary_large_image","twitter_misc":{"Est. reading time":"2 minutes"},"schema":{"@context":"https:\/\/schema.org","@graph":[{"@type":"WebPage","@id":"https:\/\/www.espoonkuvataiteilijat.fi\/en\/nayttelyt\/tuomas-korkalo-ja-kari-sodo-vimma-viima\/","url":"https:\/\/www.espoonkuvataiteilijat.fi\/en\/nayttelyt\/tuomas-korkalo-ja-kari-sodo-vimma-viima\/","name":"Tuomas Korkalo ja Kari S\u00f6d\u00f6, Vimma & Viima - Espoon Kuvataiteilijat","isPartOf":{"@id":"https:\/\/www.espoonkuvataiteilijat.fi\/#website"},"primaryImageOfPage":{"@id":"https:\/\/www.espoonkuvataiteilijat.fi\/en\/nayttelyt\/tuomas-korkalo-ja-kari-sodo-vimma-viima\/#primaryimage"},"image":{"@id":"https:\/\/www.espoonkuvataiteilijat.fi\/en\/nayttelyt\/tuomas-korkalo-ja-kari-sodo-vimma-viima\/#primaryimage"},"thumbnailUrl":"https:\/\/www.espoonkuvataiteilijat.fi\/wp-content\/uploads\/2022\/01\/2022Helmikuu_periphery_cropped_1300px-1.jpg","datePublished":"2022-01-31T12:32:05+00:00","dateModified":"2022-01-31T12:35:06+00:00","breadcrumb":{"@id":"https:\/\/www.espoonkuvataiteilijat.fi\/en\/nayttelyt\/tuomas-korkalo-ja-kari-sodo-vimma-viima\/#breadcrumb"},"inLanguage":"en-US","potentialAction":[{"@type":"ReadAction","target":["https:\/\/www.espoonkuvataiteilijat.fi\/en\/nayttelyt\/tuomas-korkalo-ja-kari-sodo-vimma-viima\/"]}]},{"@type":"ImageObject","inLanguage":"en-US","@id":"https:\/\/www.espoonkuvataiteilijat.fi\/en\/nayttelyt\/tuomas-korkalo-ja-kari-sodo-vimma-viima\/#primaryimage","url":"https:\/\/www.espoonkuvataiteilijat.fi\/wp-content\/uploads\/2022\/01\/2022Helmikuu_periphery_cropped_1300px-1.jpg","contentUrl":"https:\/\/www.espoonkuvataiteilijat.fi\/wp-content\/uploads\/2022\/01\/2022Helmikuu_periphery_cropped_1300px-1.jpg","width":1300,"height":1672,"caption":"Tuomas Korkalo & Kari S\u00f6d\u00f6 February 2022"},{"@type":"BreadcrumbList","@id":"https:\/\/www.espoonkuvataiteilijat.fi\/en\/nayttelyt\/tuomas-korkalo-ja-kari-sodo-vimma-viima\/#breadcrumb","itemListElement":[{"@type":"ListItem","position":1,"name":"Home","item":"https:\/\/www.espoonkuvataiteilijat.fi\/en\/"},{"@type":"ListItem","position":2,"name":"Tuomas Korkalo ja Kari S\u00f6d\u00f6, Vimma &#038; Viima"}]},{"@type":"WebSite","@id":"https:\/\/www.espoonkuvataiteilijat.fi\/#website","url":"https:\/\/www.espoonkuvataiteilijat.fi\/","name":"Espoon Kuvataiteilijat","description":"","potentialAction":[{"@type":"SearchAction","target":{"@type":"EntryPoint","urlTemplate":"https:\/\/www.espoonkuvataiteilijat.fi\/?s={search_term_string}"},"query-input":{"@type":"PropertyValueSpecification","valueRequired":true,"valueName":"search_term_string"}}],"inLanguage":"en-US"}]}},"_links":{"self":[{"href":"https:\/\/www.espoonkuvataiteilijat.fi\/en\/wp-json\/wp\/v2\/nayttelyt\/2172","targetHints":{"allow":["GET"]}}],"collection":[{"href":"https:\/\/www.espoonkuvataiteilijat.fi\/en\/wp-json\/wp\/v2\/nayttelyt"}],"about":[{"href":"https:\/\/www.espoonkuvataiteilijat.fi\/en\/wp-json\/wp\/v2\/types\/nayttelyt"}],"wp:featuredmedia":[{"embeddable":true,"href":"https:\/\/www.espoonkuvataiteilijat.fi\/en\/wp-json\/wp\/v2\/media\/2164"}],"wp:attachment":[{"href":"https:\/\/www.espoonkuvataiteilijat.fi\/en\/wp-json\/wp\/v2\/media?parent=2172"}],"wp:term":[{"taxonomy":"post_tag","embeddable":true,"href":"https:\/\/www.espoonkuvataiteilijat.fi\/en\/wp-json\/wp\/v2\/tags?post=2172"}],"curies":[{"name":"wp","href":"https:\/\/api.w.org\/{rel}","templated":true}]}}

Tuomas Korkalo ja Kari Södö, Vimma &#038; Viima

<h3 class="wp-block-heading" id="periphery-bluesa-group-exhibition-by-tuomas-korkalo-and-kari-sodo">PERIPHERY BLUES<br>A Group exhibition by Tuomas Korkalo and Kari Södö</h3>



<p id="kari-sodokari-sodo-is-specialised-in-graphic-art-but-in-the-beginning-of-his-career-he-also-made-collages-in-which-he-combined-painting-with-various-methods-of-printing-since-2004-sodo-has-increasingly-been-using-wood-as-a-material-for-his-art-some-of-his-works-have-been-cut-into-shapes-that-remind-pieces-of-jigsaw-puzzle-they-are-reliefs-decorated-with-signs-and-surface-effects-sodo-s-sculptures-that-consist-of-large-forms-and-smaller-parts-are-partly-painted-they-are-combinations-of-loose-and-yet-interconnected-pieces-the-artist-finds-working-with-wooden-modules-a-flexible-process-which-inspires-experiments-chance-interests-him-both-as-a-theme-of-art-as-well-as-a-method-of-working"><strong>Kari Södö</strong><br>Kari Södö is specialised in graphic art, but in the beginning of his career he also made collages in which he combined painting with various methods of printing. Since 2004 Södö has increasingly been using wood as a material for his art. Some of his works have been cut into shapes that remind pieces of jigsaw puzzle: they are reliefs decorated with signs and surface effects. Södö´s sculptures that consist of large forms and smaller parts are partly painted; they are combinations of loose and yet interconnected pieces. The artist finds working with wooden modules a flexible process which inspires experiments. Chance interests him both as a theme of art as well as a method of working.</p>



<p><strong>Tuomas Korkalo</strong><br>&#8211; I am artist, painter and curator, based in Rovaniemi, Finnish Lapland / Finland.</p>



<p>I paint, draw and create art installations. The abstract and geometric forms that I employ on canvas are evocative of early 20th-century aesthetics as seen in the Bauhaus and Russian avant-garde movement for example. Unlike the Bauhaus aesthetics, I implement watercolour -like technique in my art that adds a complementary lightness to my works. In these works, the geometric and colourful compositions, employed on the canvas by the artist, function by themselves, creating a comforting feeling derived from the pureness of form and symmetry. work also widely in various international and interdisciplinary projects.</p>



<p><br></p>

<!-- This site is optimized with the Yoast SEO plugin v24.2 - https://yoast.com/wordpress/plugins/seo/ -->
<title>Tuomas Korkalo ja Kari Södö, Vimma &amp; Viima - Espoon Kuvataiteilijat</title>
<meta name="robots" content="index, follow, max-snippet:-1, max-image-preview:large, max-video-preview:-1" />
<link rel="canonical" href="https://www.espoonkuvataiteilijat.fi/en/nayttelyt/tuomas-korkalo-ja-kari-sodo-vimma-viima/" />
<meta property="og:locale" content="en_US" />
<meta property="og:type" content="article" />
<meta property="og:title" content="Tuomas Korkalo ja Kari Södö, Vimma &amp; Viima - Espoon Kuvataiteilijat" />
<meta property="og:description" content="PERIPHERY BLUESA Group exhibition by Tuomas Korkalo and Kari Södö Kari SödöKari Södö is specialised in graphic art, but in the beginning of his career he also made collages in which he combined painting with various methods of printing. Since 2004 Södö has increasingly been using wood as a material for his art. Some of [&hellip;]" />
<meta property="og:url" content="https://www.espoonkuvataiteilijat.fi/en/nayttelyt/tuomas-korkalo-ja-kari-sodo-vimma-viima/" />
<meta property="og:site_name" content="Espoon Kuvataiteilijat" />
<meta property="article:modified_time" content="2022-01-31T12:35:06+00:00" />
<meta property="og:image" content="https://www.espoonkuvataiteilijat.fi/wp-content/uploads/2022/01/2022Helmikuu_periphery_cropped_1300px-1.jpg" />
	<meta property="og:image:width" content="1300" />
	<meta property="og:image:height" content="1672" />
	<meta property="og:image:type" content="image/jpeg" />
<meta name="twitter:card" content="summary_large_image" />
<meta name="twitter:label1" content="Est. reading time" />
	<meta name="twitter:data1" content="2 minutes" />
<script type="application/ld+json" class="yoast-schema-graph">{"@context":"https://schema.org","@graph":[{"@type":"WebPage","@id":"https://www.espoonkuvataiteilijat.fi/en/nayttelyt/tuomas-korkalo-ja-kari-sodo-vimma-viima/","url":"https://www.espoonkuvataiteilijat.fi/en/nayttelyt/tuomas-korkalo-ja-kari-sodo-vimma-viima/","name":"Tuomas Korkalo ja Kari Södö, Vimma & Viima - Espoon Kuvataiteilijat","isPartOf":{"@id":"https://www.espoonkuvataiteilijat.fi/#website"},"primaryImageOfPage":{"@id":"https://www.espoonkuvataiteilijat.fi/en/nayttelyt/tuomas-korkalo-ja-kari-sodo-vimma-viima/#primaryimage"},"image":{"@id":"https://www.espoonkuvataiteilijat.fi/en/nayttelyt/tuomas-korkalo-ja-kari-sodo-vimma-viima/#primaryimage"},"thumbnailUrl":"https://www.espoonkuvataiteilijat.fi/wp-content/uploads/2022/01/2022Helmikuu_periphery_cropped_1300px-1.jpg","datePublished":"2022-01-31T12:32:05+00:00","dateModified":"2022-01-31T12:35:06+00:00","breadcrumb":{"@id":"https://www.espoonkuvataiteilijat.fi/en/nayttelyt/tuomas-korkalo-ja-kari-sodo-vimma-viima/#breadcrumb"},"inLanguage":"en-US","potentialAction":[{"@type":"ReadAction","target":["https://www.espoonkuvataiteilijat.fi/en/nayttelyt/tuomas-korkalo-ja-kari-sodo-vimma-viima/"]}]},{"@type":"ImageObject","inLanguage":"en-US","@id":"https://www.espoonkuvataiteilijat.fi/en/nayttelyt/tuomas-korkalo-ja-kari-sodo-vimma-viima/#primaryimage","url":"https://www.espoonkuvataiteilijat.fi/wp-content/uploads/2022/01/2022Helmikuu_periphery_cropped_1300px-1.jpg","contentUrl":"https://www.espoonkuvataiteilijat.fi/wp-content/uploads/2022/01/2022Helmikuu_periphery_cropped_1300px-1.jpg","width":1300,"height":1672,"caption":"Tuomas Korkalo & Kari Södö February 2022"},{"@type":"BreadcrumbList","@id":"https://www.espoonkuvataiteilijat.fi/en/nayttelyt/tuomas-korkalo-ja-kari-sodo-vimma-viima/#breadcrumb","itemListElement":[{"@type":"ListItem","position":1,"name":"Home","item":"https://www.espoonkuvataiteilijat.fi/en/"},{"@type":"ListItem","position":2,"name":"Tuomas Korkalo ja Kari Södö, Vimma &#038; Viima"}]},{"@type":"WebSite","@id":"https://www.espoonkuvataiteilijat.fi/#website","url":"https://www.espoonkuvataiteilijat.fi/","name":"Espoon Kuvataiteilijat","description":"","potentialAction":[{"@type":"SearchAction","target":{"@type":"EntryPoint","urlTemplate":"https://www.espoonkuvataiteilijat.fi/?s={search_term_string}"},"query-input":{"@type":"PropertyValueSpecification","valueRequired":true,"valueName":"search_term_string"}}],"inLanguage":"en-US"}]}</script>
<!-- / Yoast SEO plugin. -->

Tuomas Korkalo ja Kari Södö, Vimma & Viima - Espoon Kuvataiteilijat

PERIPHERY BLUESA Group exhibition by Tuomas Korkalo and Kari Södö Kari SödöKari Södö is specialised in graphic art, but in the beginning of his career he also made collages in which he combined painting with various methods of printing. Since 2004 Södö has increasingly been using wood as a material for his art. Some of [&hellip;]

Tuomas Korkalo & Kari Södö February 2022
