{"id":3269,"date":"2023-06-26T11:08:27","date_gmt":"2023-06-26T08:08:27","guid":{"rendered":"https:\/\/www.espoonkuvataiteilijat.fi\/?post_type=nayttelyt&#038;p=3269"},"modified":"2023-06-26T14:22:16","modified_gmt":"2023-06-26T11:22:16","slug":"the-mosaic-of-poems","status":"publish","type":"nayttelyt","link":"https:\/\/www.espoonkuvataiteilijat.fi\/en\/nayttelyt\/the-mosaic-of-poems\/","title":{"rendered":"The Mosaic Of Poems"},"content":{"rendered":"\n<h2 class=\"wp-block-heading\">Summer exhibition of the Espoo Kuvataiteilijat ry \/ Espoo Visual Artists Association.<br>The opening ceremony will be held as a summer party on Wednesday, June 28. at 6 p.m. Everybody welcome!<\/h2>\n\n\n\n<p>We&#8217;ll have speeches, summerly snacks and socializing. Troubadour Jusba Humaljoki plays live music.<\/p>\n\n\n\n<p>The summer exhibition is a poetic mosaic assembled from the works of Espoo Visual Artists Association members. Poet Eino Leino&#8217;s birthday is July 6th, when Poetry and Summer Day is celebrated.<\/p>\n\n\n\n<p>All 151 member artists of the Espoo Visual Artists Association have been invited to participate in the exhibition. Participation in the exhibition is free for all member artists.<\/p>\n\n\n\n<p>This summer exhibition has a rich coverage of fine art from its various fields, such as oil paintings, acrylic paintings, watercolors, drawings, graphic arts, collages, sculptures and spatial art works. The artists&#8217; own styles, different materials, special skills and diversity weave the exhibition into a poetic mosaic of fine art.<\/p>\n\n\n\n<p>The picture above is a digital image mosaic, with some of the artworks from the summer exhibition, depicting works by 25 artists. From the top left: Helka Immonen, Maiju Ahlgr\u00e9n, Aarre K\u00e4rkk\u00e4inen, Svetlana Ruoho, Anneli Hilli, MarjaLeena Pohjola-Valkola, Arto Palin, Nadezda Blagoeva-Ryyn\u00e4nen, Varpu Jaskari, Kari Puikkonen, Heikki Pasanen, Merja Castr\u00e9n, Pia Backstr\u00f6m, P\u00e4ivi Eerik\u00e4inen, Anna Korpilinna, Maija Klemetti, Li Xinsheng, Ligita Purina, Seppo Nikkinen, Essu Koskinen, Sirkka Laakkonen, Leevi Kivisaari, Hilkka Okkonen-Uusikyl\u00e4, Eeva-Riitta Vilkuna, Maarit Hedman. The picture mosaic was designed by Emmi Kemppainen.<\/p>\n","protected":false},"featured_media":3270,"template":"","tags":[65,120],"class_list":["post-3269","nayttelyt","type-nayttelyt","status-publish","has-post-thumbnail","hentry","tag-artexhibition","tag-collageart"],"acf":[],"yoast_head":"<!-- This site is optimized with the Yoast SEO plugin v24.2 - https:\/\/yoast.com\/wordpress\/plugins\/seo\/ -->\n<title>The Mosaic Of Poems - Espoon Kuvataiteilijat<\/title>\n<meta name=\"description\" content=\"Summer exhibition of the Espoo Kuvataiteilijat ry. All 151 member artists of the Espoo Visual Artists Association have been invited to participate.\" \/>\n<meta name=\"robots\" content=\"index, follow, max-snippet:-1, max-image-preview:large, max-video-preview:-1\" \/>\n<link rel=\"canonical\" href=\"https:\/\/www.espoonkuvataiteilijat.fi\/en\/nayttelyt\/the-mosaic-of-poems\/\" \/>\n<meta property=\"og:locale\" content=\"en_US\" \/>\n<meta property=\"og:type\" content=\"article\" \/>\n<meta property=\"og:title\" content=\"The Mosaic Of Poems - Espoon Kuvataiteilijat\" \/>\n<meta property=\"og:description\" content=\"Summer exhibition of the Espoo Kuvataiteilijat ry. All 151 member artists of the Espoo Visual Artists Association have been invited to participate.\" \/>\n<meta property=\"og:url\" content=\"https:\/\/www.espoonkuvataiteilijat.fi\/en\/nayttelyt\/the-mosaic-of-poems\/\" \/>\n<meta property=\"og:site_name\" content=\"Espoon Kuvataiteilijat\" \/>\n<meta property=\"article:modified_time\" content=\"2023-06-26T11:22:16+00:00\" \/>\n<meta property=\"og:image\" content=\"https:\/\/www.espoonkuvataiteilijat.fi\/wp-content\/uploads\/2023\/06\/KesanayttelyKollaasikuva1300px-1.jpg\" \/>\n\t<meta property=\"og:image:width\" content=\"1300\" \/>\n\t<meta property=\"og:image:height\" content=\"1300\" \/>\n\t<meta property=\"og:image:type\" content=\"image\/jpeg\" \/>\n<meta name=\"twitter:card\" content=\"summary_large_image\" \/>\n<meta name=\"twitter:label1\" content=\"Est. reading time\" \/>\n\t<meta name=\"twitter:data1\" content=\"2 minutes\" \/>\n<script type=\"application\/ld+json\" class=\"yoast-schema-graph\">{\"@context\":\"https:\/\/schema.org\",\"@graph\":[{\"@type\":\"WebPage\",\"@id\":\"https:\/\/www.espoonkuvataiteilijat.fi\/en\/nayttelyt\/the-mosaic-of-poems\/\",\"url\":\"https:\/\/www.espoonkuvataiteilijat.fi\/en\/nayttelyt\/the-mosaic-of-poems\/\",\"name\":\"The Mosaic Of Poems - Espoon Kuvataiteilijat\",\"isPartOf\":{\"@id\":\"https:\/\/www.espoonkuvataiteilijat.fi\/#website\"},\"primaryImageOfPage\":{\"@id\":\"https:\/\/www.espoonkuvataiteilijat.fi\/en\/nayttelyt\/the-mosaic-of-poems\/#primaryimage\"},\"image\":{\"@id\":\"https:\/\/www.espoonkuvataiteilijat.fi\/en\/nayttelyt\/the-mosaic-of-poems\/#primaryimage\"},\"thumbnailUrl\":\"https:\/\/www.espoonkuvataiteilijat.fi\/wp-content\/uploads\/2023\/06\/KesanayttelyKollaasikuva1300px-1.jpg\",\"datePublished\":\"2023-06-26T08:08:27+00:00\",\"dateModified\":\"2023-06-26T11:22:16+00:00\",\"description\":\"Summer exhibition of the Espoo Kuvataiteilijat ry. All 151 member artists of the Espoo Visual Artists Association have been invited to participate.\",\"breadcrumb\":{\"@id\":\"https:\/\/www.espoonkuvataiteilijat.fi\/en\/nayttelyt\/the-mosaic-of-poems\/#breadcrumb\"},\"inLanguage\":\"en-US\",\"potentialAction\":[{\"@type\":\"ReadAction\",\"target\":[\"https:\/\/www.espoonkuvataiteilijat.fi\/en\/nayttelyt\/the-mosaic-of-poems\/\"]}]},{\"@type\":\"ImageObject\",\"inLanguage\":\"en-US\",\"@id\":\"https:\/\/www.espoonkuvataiteilijat.fi\/en\/nayttelyt\/the-mosaic-of-poems\/#primaryimage\",\"url\":\"https:\/\/www.espoonkuvataiteilijat.fi\/wp-content\/uploads\/2023\/06\/KesanayttelyKollaasikuva1300px-1.jpg\",\"contentUrl\":\"https:\/\/www.espoonkuvataiteilijat.fi\/wp-content\/uploads\/2023\/06\/KesanayttelyKollaasikuva1300px-1.jpg\",\"width\":1300,\"height\":1300},{\"@type\":\"BreadcrumbList\",\"@id\":\"https:\/\/www.espoonkuvataiteilijat.fi\/en\/nayttelyt\/the-mosaic-of-poems\/#breadcrumb\",\"itemListElement\":[{\"@type\":\"ListItem\",\"position\":1,\"name\":\"Home\",\"item\":\"https:\/\/www.espoonkuvataiteilijat.fi\/en\/\"},{\"@type\":\"ListItem\",\"position\":2,\"name\":\"The Mosaic Of Poems\"}]},{\"@type\":\"WebSite\",\"@id\":\"https:\/\/www.espoonkuvataiteilijat.fi\/#website\",\"url\":\"https:\/\/www.espoonkuvataiteilijat.fi\/\",\"name\":\"Espoon Kuvataiteilijat\",\"description\":\"\",\"potentialAction\":[{\"@type\":\"SearchAction\",\"target\":{\"@type\":\"EntryPoint\",\"urlTemplate\":\"https:\/\/www.espoonkuvataiteilijat.fi\/?s={search_term_string}\"},\"query-input\":{\"@type\":\"PropertyValueSpecification\",\"valueRequired\":true,\"valueName\":\"search_term_string\"}}],\"inLanguage\":\"en-US\"}]}<\/script>\n<!-- \/ Yoast SEO plugin. -->","yoast_head_json":{"title":"The Mosaic Of Poems - Espoon Kuvataiteilijat","description":"Summer exhibition of the Espoo Kuvataiteilijat ry. All 151 member artists of the Espoo Visual Artists Association have been invited to participate.","robots":{"index":"index","follow":"follow","max-snippet":"max-snippet:-1","max-image-preview":"max-image-preview:large","max-video-preview":"max-video-preview:-1"},"canonical":"https:\/\/www.espoonkuvataiteilijat.fi\/en\/nayttelyt\/the-mosaic-of-poems\/","og_locale":"en_US","og_type":"article","og_title":"The Mosaic Of Poems - Espoon Kuvataiteilijat","og_description":"Summer exhibition of the Espoo Kuvataiteilijat ry. All 151 member artists of the Espoo Visual Artists Association have been invited to participate.","og_url":"https:\/\/www.espoonkuvataiteilijat.fi\/en\/nayttelyt\/the-mosaic-of-poems\/","og_site_name":"Espoon Kuvataiteilijat","article_modified_time":"2023-06-26T11:22:16+00:00","og_image":[{"width":1300,"height":1300,"url":"https:\/\/www.espoonkuvataiteilijat.fi\/wp-content\/uploads\/2023\/06\/KesanayttelyKollaasikuva1300px-1.jpg","type":"image\/jpeg"}],"twitter_card":"summary_large_image","twitter_misc":{"Est. reading time":"2 minutes"},"schema":{"@context":"https:\/\/schema.org","@graph":[{"@type":"WebPage","@id":"https:\/\/www.espoonkuvataiteilijat.fi\/en\/nayttelyt\/the-mosaic-of-poems\/","url":"https:\/\/www.espoonkuvataiteilijat.fi\/en\/nayttelyt\/the-mosaic-of-poems\/","name":"The Mosaic Of Poems - Espoon Kuvataiteilijat","isPartOf":{"@id":"https:\/\/www.espoonkuvataiteilijat.fi\/#website"},"primaryImageOfPage":{"@id":"https:\/\/www.espoonkuvataiteilijat.fi\/en\/nayttelyt\/the-mosaic-of-poems\/#primaryimage"},"image":{"@id":"https:\/\/www.espoonkuvataiteilijat.fi\/en\/nayttelyt\/the-mosaic-of-poems\/#primaryimage"},"thumbnailUrl":"https:\/\/www.espoonkuvataiteilijat.fi\/wp-content\/uploads\/2023\/06\/KesanayttelyKollaasikuva1300px-1.jpg","datePublished":"2023-06-26T08:08:27+00:00","dateModified":"2023-06-26T11:22:16+00:00","description":"Summer exhibition of the Espoo Kuvataiteilijat ry. All 151 member artists of the Espoo Visual Artists Association have been invited to participate.","breadcrumb":{"@id":"https:\/\/www.espoonkuvataiteilijat.fi\/en\/nayttelyt\/the-mosaic-of-poems\/#breadcrumb"},"inLanguage":"en-US","potentialAction":[{"@type":"ReadAction","target":["https:\/\/www.espoonkuvataiteilijat.fi\/en\/nayttelyt\/the-mosaic-of-poems\/"]}]},{"@type":"ImageObject","inLanguage":"en-US","@id":"https:\/\/www.espoonkuvataiteilijat.fi\/en\/nayttelyt\/the-mosaic-of-poems\/#primaryimage","url":"https:\/\/www.espoonkuvataiteilijat.fi\/wp-content\/uploads\/2023\/06\/KesanayttelyKollaasikuva1300px-1.jpg","contentUrl":"https:\/\/www.espoonkuvataiteilijat.fi\/wp-content\/uploads\/2023\/06\/KesanayttelyKollaasikuva1300px-1.jpg","width":1300,"height":1300},{"@type":"BreadcrumbList","@id":"https:\/\/www.espoonkuvataiteilijat.fi\/en\/nayttelyt\/the-mosaic-of-poems\/#breadcrumb","itemListElement":[{"@type":"ListItem","position":1,"name":"Home","item":"https:\/\/www.espoonkuvataiteilijat.fi\/en\/"},{"@type":"ListItem","position":2,"name":"The Mosaic Of Poems"}]},{"@type":"WebSite","@id":"https:\/\/www.espoonkuvataiteilijat.fi\/#website","url":"https:\/\/www.espoonkuvataiteilijat.fi\/","name":"Espoon Kuvataiteilijat","description":"","potentialAction":[{"@type":"SearchAction","target":{"@type":"EntryPoint","urlTemplate":"https:\/\/www.espoonkuvataiteilijat.fi\/?s={search_term_string}"},"query-input":{"@type":"PropertyValueSpecification","valueRequired":true,"valueName":"search_term_string"}}],"inLanguage":"en-US"}]}},"_links":{"self":[{"href":"https:\/\/www.espoonkuvataiteilijat.fi\/en\/wp-json\/wp\/v2\/nayttelyt\/3269","targetHints":{"allow":["GET"]}}],"collection":[{"href":"https:\/\/www.espoonkuvataiteilijat.fi\/en\/wp-json\/wp\/v2\/nayttelyt"}],"about":[{"href":"https:\/\/www.espoonkuvataiteilijat.fi\/en\/wp-json\/wp\/v2\/types\/nayttelyt"}],"wp:featuredmedia":[{"embeddable":true,"href":"https:\/\/www.espoonkuvataiteilijat.fi\/en\/wp-json\/wp\/v2\/media\/3270"}],"wp:attachment":[{"href":"https:\/\/www.espoonkuvataiteilijat.fi\/en\/wp-json\/wp\/v2\/media?parent=3269"}],"wp:term":[{"taxonomy":"post_tag","embeddable":true,"href":"https:\/\/www.espoonkuvataiteilijat.fi\/en\/wp-json\/wp\/v2\/tags?post=3269"}],"curies":[{"name":"wp","href":"https:\/\/api.w.org\/{rel}","templated":true}]}}

<h2 class="wp-block-heading">Summer exhibition of the Espoo Kuvataiteilijat ry / Espoo Visual Artists Association.<br>The opening ceremony will be held as a summer party on Wednesday, June 28. at 6 p.m. Everybody welcome!</h2>



<p>We&#8217;ll have speeches, summerly snacks and socializing. Troubadour Jusba Humaljoki plays live music.</p>



<p>The summer exhibition is a poetic mosaic assembled from the works of Espoo Visual Artists Association members. Poet Eino Leino&#8217;s birthday is July 6th, when Poetry and Summer Day is celebrated.</p>



<p>All 151 member artists of the Espoo Visual Artists Association have been invited to participate in the exhibition. Participation in the exhibition is free for all member artists.</p>



<p>This summer exhibition has a rich coverage of fine art from its various fields, such as oil paintings, acrylic paintings, watercolors, drawings, graphic arts, collages, sculptures and spatial art works. The artists&#8217; own styles, different materials, special skills and diversity weave the exhibition into a poetic mosaic of fine art.</p>



<p>The picture above is a digital image mosaic, with some of the artworks from the summer exhibition, depicting works by 25 artists. From the top left: Helka Immonen, Maiju Ahlgrén, Aarre Kärkkäinen, Svetlana Ruoho, Anneli Hilli, MarjaLeena Pohjola-Valkola, Arto Palin, Nadezda Blagoeva-Ryynänen, Varpu Jaskari, Kari Puikkonen, Heikki Pasanen, Merja Castrén, Pia Backström, Päivi Eerikäinen, Anna Korpilinna, Maija Klemetti, Li Xinsheng, Ligita Purina, Seppo Nikkinen, Essu Koskinen, Sirkka Laakkonen, Leevi Kivisaari, Hilkka Okkonen-Uusikylä, Eeva-Riitta Vilkuna, Maarit Hedman. The picture mosaic was designed by Emmi Kemppainen.</p>
