{"id":5914,"date":"2026-04-08T17:22:36","date_gmt":"2026-04-08T14:22:36","guid":{"rendered":"https:\/\/www.espoonkuvataiteilijat.fi\/?post_type=nayttelyt&#038;p=5914"},"modified":"2026-04-27T12:40:58","modified_gmt":"2026-04-27T09:40:58","slug":"nina-iso-herttua-josua-kerkis-minja-karoliina-laakso-saara-nurmi-tomi-abergnakyvaisia","status":"publish","type":"nayttelyt","link":"https:\/\/www.espoonkuvataiteilijat.fi\/en\/nayttelyt\/nina-iso-herttua-josua-kerkis-minja-karoliina-laakso-saara-nurmi-tomi-abergnakyvaisia\/","title":{"rendered":"Nina Iso-Herttua &amp; Josua Kerkis &amp; Minja Karoliina Laakso &amp; Saara Nurmi &amp; Tomi \u00c5berg"},"content":{"rendered":"<h3><strong>N\u00e4kyv\u00e4isi\u00e4<\/strong><\/h3>\n<p>&nbsp;<\/p>\n<p><strong>Welcome to the opening ceremonies on Tuesday, May 26, 2026, from 5\u20137 p.m!<\/strong><\/p>\n<p>The theme of our exhibition, &#8216;N\u00e4kyv\u00e4isi\u00e4,\u2019 is the world of the seen and the unseen. The works interpret this theme freely, through our own personal perspectives. The exhibition features sculptures, paintings, and an installation.<\/p>\n<p>The word &#8216;invisible&#8217; carries both a literal and a more abstract meaning (such as social invisibility). While its modern antonym is &#8216;visible,&#8217; or \u2018n\u00e4kyv\u00e4\u2019 in Finnish, our chosen Finnish title &#8216;N\u00e4kyv\u00e4isi\u00e4&#8217; is more archaic and solemn \u2013 a word used when the language is meant to be elevated or intentionally lofty. This makes it more versatile and nuanced than the simple modern alternative \u2018n\u00e4kyv\u00e4\u2019.<\/p>\n<p>A theme such as this inevitably leads us toward the various forms of humanity: for instance, nature, the individual, the superficialities and clich\u00e9s of today\u2019s world, mathematics, or a mythical and historical past. It is an emotional reaction \u2013 or perhaps, at times, a conscious, calculated choice. An artist often (one might say almost always) engages with a subject or theme of deep personal significance. Through their work, the artist can bring these meaningful elements visible \u2013 or even bestow upon them that archaic, solemn visibility (n\u00e4kyv\u00e4inen). Conversely, the artist also possesses the power to hide, making themes \u2013 whether significant or trivial \u2013 invisible. Often, this invisible world is the most compelling, as the artist refrains from revealing everything. Let this serve as an introduction to the realms explored by our group\u2019s artists; let the art itself reveal the rest.<\/p>\n","protected":false},"featured_media":5917,"template":"","tags":[],"class_list":["post-5914","nayttelyt","type-nayttelyt","status-publish","has-post-thumbnail","hentry"],"acf":[],"yoast_head":"<!-- This site is optimized with the Yoast SEO plugin v24.2 - https:\/\/yoast.com\/wordpress\/plugins\/seo\/ -->\n<title>Nina Iso-Herttua &amp; Josua Kerkis &amp; Minja Karoliina Laakso &amp; Saara Nurmi &amp; Tomi \u00c5berg - Espoon Kuvataiteilijat<\/title>\n<meta name=\"robots\" content=\"index, follow, max-snippet:-1, max-image-preview:large, max-video-preview:-1\" \/>\n<link rel=\"canonical\" href=\"https:\/\/www.espoonkuvataiteilijat.fi\/en\/nayttelyt\/nina-iso-herttua-josua-kerkis-minja-karoliina-laakso-saara-nurmi-tomi-abergnakyvaisia\/\" \/>\n<meta property=\"og:locale\" content=\"en_US\" \/>\n<meta property=\"og:type\" content=\"article\" \/>\n<meta property=\"og:title\" content=\"Nina Iso-Herttua &amp; Josua Kerkis &amp; Minja Karoliina Laakso &amp; Saara Nurmi &amp; Tomi \u00c5berg - Espoon Kuvataiteilijat\" \/>\n<meta property=\"og:description\" content=\"N\u00e4kyv\u00e4isi\u00e4 &nbsp; Welcome to the opening ceremonies on Tuesday, May 26, 2026, from 5\u20137 p.m! The theme of our exhibition, &#8216;N\u00e4kyv\u00e4isi\u00e4,\u2019 is the world of the seen and the unseen. The works interpret this theme freely, through our own personal perspectives. The exhibition features sculptures, paintings, and an installation. The word &#8216;invisible&#8217; carries both a [&hellip;]\" \/>\n<meta property=\"og:url\" content=\"https:\/\/www.espoonkuvataiteilijat.fi\/en\/nayttelyt\/nina-iso-herttua-josua-kerkis-minja-karoliina-laakso-saara-nurmi-tomi-abergnakyvaisia\/\" \/>\n<meta property=\"og:site_name\" content=\"Espoon Kuvataiteilijat\" \/>\n<meta property=\"article:modified_time\" content=\"2026-04-27T09:40:58+00:00\" \/>\n<meta property=\"og:image\" content=\"https:\/\/www.espoonkuvataiteilijat.fi\/wp-content\/uploads\/2026\/04\/iso-herttua_paakuva-1-scaled-e1777208268992.jpg\" \/>\n\t<meta property=\"og:image:width\" content=\"900\" \/>\n\t<meta property=\"og:image:height\" content=\"1198\" \/>\n\t<meta property=\"og:image:type\" content=\"image\/jpeg\" \/>\n<meta name=\"twitter:card\" content=\"summary_large_image\" \/>\n<meta name=\"twitter:label1\" content=\"Est. reading time\" \/>\n\t<meta name=\"twitter:data1\" content=\"2 minutes\" \/>\n<script type=\"application\/ld+json\" class=\"yoast-schema-graph\">{\"@context\":\"https:\/\/schema.org\",\"@graph\":[{\"@type\":\"WebPage\",\"@id\":\"https:\/\/www.espoonkuvataiteilijat.fi\/en\/nayttelyt\/nina-iso-herttua-josua-kerkis-minja-karoliina-laakso-saara-nurmi-tomi-abergnakyvaisia\/\",\"url\":\"https:\/\/www.espoonkuvataiteilijat.fi\/en\/nayttelyt\/nina-iso-herttua-josua-kerkis-minja-karoliina-laakso-saara-nurmi-tomi-abergnakyvaisia\/\",\"name\":\"Nina Iso-Herttua &amp; Josua Kerkis &amp; Minja Karoliina Laakso &amp; Saara Nurmi &amp; Tomi \u00c5berg - Espoon Kuvataiteilijat\",\"isPartOf\":{\"@id\":\"https:\/\/www.espoonkuvataiteilijat.fi\/#website\"},\"primaryImageOfPage\":{\"@id\":\"https:\/\/www.espoonkuvataiteilijat.fi\/en\/nayttelyt\/nina-iso-herttua-josua-kerkis-minja-karoliina-laakso-saara-nurmi-tomi-abergnakyvaisia\/#primaryimage\"},\"image\":{\"@id\":\"https:\/\/www.espoonkuvataiteilijat.fi\/en\/nayttelyt\/nina-iso-herttua-josua-kerkis-minja-karoliina-laakso-saara-nurmi-tomi-abergnakyvaisia\/#primaryimage\"},\"thumbnailUrl\":\"https:\/\/www.espoonkuvataiteilijat.fi\/wp-content\/uploads\/2026\/04\/iso-herttua_paakuva-1-scaled-e1777208268992.jpg\",\"datePublished\":\"2026-04-08T14:22:36+00:00\",\"dateModified\":\"2026-04-27T09:40:58+00:00\",\"breadcrumb\":{\"@id\":\"https:\/\/www.espoonkuvataiteilijat.fi\/en\/nayttelyt\/nina-iso-herttua-josua-kerkis-minja-karoliina-laakso-saara-nurmi-tomi-abergnakyvaisia\/#breadcrumb\"},\"inLanguage\":\"en-US\",\"potentialAction\":[{\"@type\":\"ReadAction\",\"target\":[\"https:\/\/www.espoonkuvataiteilijat.fi\/en\/nayttelyt\/nina-iso-herttua-josua-kerkis-minja-karoliina-laakso-saara-nurmi-tomi-abergnakyvaisia\/\"]}]},{\"@type\":\"ImageObject\",\"inLanguage\":\"en-US\",\"@id\":\"https:\/\/www.espoonkuvataiteilijat.fi\/en\/nayttelyt\/nina-iso-herttua-josua-kerkis-minja-karoliina-laakso-saara-nurmi-tomi-abergnakyvaisia\/#primaryimage\",\"url\":\"https:\/\/www.espoonkuvataiteilijat.fi\/wp-content\/uploads\/2026\/04\/iso-herttua_paakuva-1-scaled-e1777208268992.jpg\",\"contentUrl\":\"https:\/\/www.espoonkuvataiteilijat.fi\/wp-content\/uploads\/2026\/04\/iso-herttua_paakuva-1-scaled-e1777208268992.jpg\",\"width\":900,\"height\":1198},{\"@type\":\"BreadcrumbList\",\"@id\":\"https:\/\/www.espoonkuvataiteilijat.fi\/en\/nayttelyt\/nina-iso-herttua-josua-kerkis-minja-karoliina-laakso-saara-nurmi-tomi-abergnakyvaisia\/#breadcrumb\",\"itemListElement\":[{\"@type\":\"ListItem\",\"position\":1,\"name\":\"Home\",\"item\":\"https:\/\/www.espoonkuvataiteilijat.fi\/en\/\"},{\"@type\":\"ListItem\",\"position\":2,\"name\":\"Nina Iso-Herttua &amp; Josua Kerkis &amp; Minja Karoliina Laakso &amp; Saara Nurmi &amp; Tomi \u00c5berg\"}]},{\"@type\":\"WebSite\",\"@id\":\"https:\/\/www.espoonkuvataiteilijat.fi\/#website\",\"url\":\"https:\/\/www.espoonkuvataiteilijat.fi\/\",\"name\":\"Espoon Kuvataiteilijat\",\"description\":\"\",\"potentialAction\":[{\"@type\":\"SearchAction\",\"target\":{\"@type\":\"EntryPoint\",\"urlTemplate\":\"https:\/\/www.espoonkuvataiteilijat.fi\/?s={search_term_string}\"},\"query-input\":{\"@type\":\"PropertyValueSpecification\",\"valueRequired\":true,\"valueName\":\"search_term_string\"}}],\"inLanguage\":\"en-US\"}]}<\/script>\n<!-- \/ Yoast SEO plugin. -->","yoast_head_json":{"title":"Nina Iso-Herttua &amp; Josua Kerkis &amp; Minja Karoliina Laakso &amp; Saara Nurmi &amp; Tomi \u00c5berg - Espoon Kuvataiteilijat","robots":{"index":"index","follow":"follow","max-snippet":"max-snippet:-1","max-image-preview":"max-image-preview:large","max-video-preview":"max-video-preview:-1"},"canonical":"https:\/\/www.espoonkuvataiteilijat.fi\/en\/nayttelyt\/nina-iso-herttua-josua-kerkis-minja-karoliina-laakso-saara-nurmi-tomi-abergnakyvaisia\/","og_locale":"en_US","og_type":"article","og_title":"Nina Iso-Herttua &amp; Josua Kerkis &amp; Minja Karoliina Laakso &amp; Saara Nurmi &amp; Tomi \u00c5berg - Espoon Kuvataiteilijat","og_description":"N\u00e4kyv\u00e4isi\u00e4 &nbsp; Welcome to the opening ceremonies on Tuesday, May 26, 2026, from 5\u20137 p.m! The theme of our exhibition, &#8216;N\u00e4kyv\u00e4isi\u00e4,\u2019 is the world of the seen and the unseen. The works interpret this theme freely, through our own personal perspectives. The exhibition features sculptures, paintings, and an installation. The word &#8216;invisible&#8217; carries both a [&hellip;]","og_url":"https:\/\/www.espoonkuvataiteilijat.fi\/en\/nayttelyt\/nina-iso-herttua-josua-kerkis-minja-karoliina-laakso-saara-nurmi-tomi-abergnakyvaisia\/","og_site_name":"Espoon Kuvataiteilijat","article_modified_time":"2026-04-27T09:40:58+00:00","og_image":[{"width":900,"height":1198,"url":"https:\/\/www.espoonkuvataiteilijat.fi\/wp-content\/uploads\/2026\/04\/iso-herttua_paakuva-1-scaled-e1777208268992.jpg","type":"image\/jpeg"}],"twitter_card":"summary_large_image","twitter_misc":{"Est. reading time":"2 minutes"},"schema":{"@context":"https:\/\/schema.org","@graph":[{"@type":"WebPage","@id":"https:\/\/www.espoonkuvataiteilijat.fi\/en\/nayttelyt\/nina-iso-herttua-josua-kerkis-minja-karoliina-laakso-saara-nurmi-tomi-abergnakyvaisia\/","url":"https:\/\/www.espoonkuvataiteilijat.fi\/en\/nayttelyt\/nina-iso-herttua-josua-kerkis-minja-karoliina-laakso-saara-nurmi-tomi-abergnakyvaisia\/","name":"Nina Iso-Herttua &amp; Josua Kerkis &amp; Minja Karoliina Laakso &amp; Saara Nurmi &amp; Tomi \u00c5berg - Espoon Kuvataiteilijat","isPartOf":{"@id":"https:\/\/www.espoonkuvataiteilijat.fi\/#website"},"primaryImageOfPage":{"@id":"https:\/\/www.espoonkuvataiteilijat.fi\/en\/nayttelyt\/nina-iso-herttua-josua-kerkis-minja-karoliina-laakso-saara-nurmi-tomi-abergnakyvaisia\/#primaryimage"},"image":{"@id":"https:\/\/www.espoonkuvataiteilijat.fi\/en\/nayttelyt\/nina-iso-herttua-josua-kerkis-minja-karoliina-laakso-saara-nurmi-tomi-abergnakyvaisia\/#primaryimage"},"thumbnailUrl":"https:\/\/www.espoonkuvataiteilijat.fi\/wp-content\/uploads\/2026\/04\/iso-herttua_paakuva-1-scaled-e1777208268992.jpg","datePublished":"2026-04-08T14:22:36+00:00","dateModified":"2026-04-27T09:40:58+00:00","breadcrumb":{"@id":"https:\/\/www.espoonkuvataiteilijat.fi\/en\/nayttelyt\/nina-iso-herttua-josua-kerkis-minja-karoliina-laakso-saara-nurmi-tomi-abergnakyvaisia\/#breadcrumb"},"inLanguage":"en-US","potentialAction":[{"@type":"ReadAction","target":["https:\/\/www.espoonkuvataiteilijat.fi\/en\/nayttelyt\/nina-iso-herttua-josua-kerkis-minja-karoliina-laakso-saara-nurmi-tomi-abergnakyvaisia\/"]}]},{"@type":"ImageObject","inLanguage":"en-US","@id":"https:\/\/www.espoonkuvataiteilijat.fi\/en\/nayttelyt\/nina-iso-herttua-josua-kerkis-minja-karoliina-laakso-saara-nurmi-tomi-abergnakyvaisia\/#primaryimage","url":"https:\/\/www.espoonkuvataiteilijat.fi\/wp-content\/uploads\/2026\/04\/iso-herttua_paakuva-1-scaled-e1777208268992.jpg","contentUrl":"https:\/\/www.espoonkuvataiteilijat.fi\/wp-content\/uploads\/2026\/04\/iso-herttua_paakuva-1-scaled-e1777208268992.jpg","width":900,"height":1198},{"@type":"BreadcrumbList","@id":"https:\/\/www.espoonkuvataiteilijat.fi\/en\/nayttelyt\/nina-iso-herttua-josua-kerkis-minja-karoliina-laakso-saara-nurmi-tomi-abergnakyvaisia\/#breadcrumb","itemListElement":[{"@type":"ListItem","position":1,"name":"Home","item":"https:\/\/www.espoonkuvataiteilijat.fi\/en\/"},{"@type":"ListItem","position":2,"name":"Nina Iso-Herttua &amp; Josua Kerkis &amp; Minja Karoliina Laakso &amp; Saara Nurmi &amp; Tomi \u00c5berg"}]},{"@type":"WebSite","@id":"https:\/\/www.espoonkuvataiteilijat.fi\/#website","url":"https:\/\/www.espoonkuvataiteilijat.fi\/","name":"Espoon Kuvataiteilijat","description":"","potentialAction":[{"@type":"SearchAction","target":{"@type":"EntryPoint","urlTemplate":"https:\/\/www.espoonkuvataiteilijat.fi\/?s={search_term_string}"},"query-input":{"@type":"PropertyValueSpecification","valueRequired":true,"valueName":"search_term_string"}}],"inLanguage":"en-US"}]}},"_links":{"self":[{"href":"https:\/\/www.espoonkuvataiteilijat.fi\/en\/wp-json\/wp\/v2\/nayttelyt\/5914","targetHints":{"allow":["GET"]}}],"collection":[{"href":"https:\/\/www.espoonkuvataiteilijat.fi\/en\/wp-json\/wp\/v2\/nayttelyt"}],"about":[{"href":"https:\/\/www.espoonkuvataiteilijat.fi\/en\/wp-json\/wp\/v2\/types\/nayttelyt"}],"wp:featuredmedia":[{"embeddable":true,"href":"https:\/\/www.espoonkuvataiteilijat.fi\/en\/wp-json\/wp\/v2\/media\/5917"}],"wp:attachment":[{"href":"https:\/\/www.espoonkuvataiteilijat.fi\/en\/wp-json\/wp\/v2\/media?parent=5914"}],"wp:term":[{"taxonomy":"post_tag","embeddable":true,"href":"https:\/\/www.espoonkuvataiteilijat.fi\/en\/wp-json\/wp\/v2\/tags?post=5914"}],"curies":[{"name":"wp","href":"https:\/\/api.w.org\/{rel}","templated":true}]}}

Nina Iso-Herttua &amp; Josua Kerkis &amp; Minja Karoliina Laakso &amp; Saara Nurmi &amp; Tomi Åberg

<h3><strong>Näkyväisiä</strong></h3>
<p>&nbsp;</p>
<p><strong>Welcome to the opening ceremonies on Tuesday, May 26, 2026, from 5–7 p.m!</strong></p>
<p>The theme of our exhibition, &#8216;Näkyväisiä,’ is the world of the seen and the unseen. The works interpret this theme freely, through our own personal perspectives. The exhibition features sculptures, paintings, and an installation.</p>
<p>The word &#8216;invisible&#8217; carries both a literal and a more abstract meaning (such as social invisibility). While its modern antonym is &#8216;visible,&#8217; or ‘näkyvä’ in Finnish, our chosen Finnish title &#8216;Näkyväisiä&#8217; is more archaic and solemn – a word used when the language is meant to be elevated or intentionally lofty. This makes it more versatile and nuanced than the simple modern alternative ‘näkyvä’.</p>
<p>A theme such as this inevitably leads us toward the various forms of humanity: for instance, nature, the individual, the superficialities and clichés of today’s world, mathematics, or a mythical and historical past. It is an emotional reaction – or perhaps, at times, a conscious, calculated choice. An artist often (one might say almost always) engages with a subject or theme of deep personal significance. Through their work, the artist can bring these meaningful elements visible – or even bestow upon them that archaic, solemn visibility (näkyväinen). Conversely, the artist also possesses the power to hide, making themes – whether significant or trivial – invisible. Often, this invisible world is the most compelling, as the artist refrains from revealing everything. Let this serve as an introduction to the realms explored by our group’s artists; let the art itself reveal the rest.</p>

<!-- This site is optimized with the Yoast SEO plugin v24.2 - https://yoast.com/wordpress/plugins/seo/ -->
<title>Nina Iso-Herttua &amp; Josua Kerkis &amp; Minja Karoliina Laakso &amp; Saara Nurmi &amp; Tomi Åberg - Espoon Kuvataiteilijat</title>
<meta name="robots" content="index, follow, max-snippet:-1, max-image-preview:large, max-video-preview:-1" />
<link rel="canonical" href="https://www.espoonkuvataiteilijat.fi/en/nayttelyt/nina-iso-herttua-josua-kerkis-minja-karoliina-laakso-saara-nurmi-tomi-abergnakyvaisia/" />
<meta property="og:locale" content="en_US" />
<meta property="og:type" content="article" />
<meta property="og:title" content="Nina Iso-Herttua &amp; Josua Kerkis &amp; Minja Karoliina Laakso &amp; Saara Nurmi &amp; Tomi Åberg - Espoon Kuvataiteilijat" />
<meta property="og:description" content="Näkyväisiä &nbsp; Welcome to the opening ceremonies on Tuesday, May 26, 2026, from 5–7 p.m! The theme of our exhibition, &#8216;Näkyväisiä,’ is the world of the seen and the unseen. The works interpret this theme freely, through our own personal perspectives. The exhibition features sculptures, paintings, and an installation. The word &#8216;invisible&#8217; carries both a [&hellip;]" />
<meta property="og:url" content="https://www.espoonkuvataiteilijat.fi/en/nayttelyt/nina-iso-herttua-josua-kerkis-minja-karoliina-laakso-saara-nurmi-tomi-abergnakyvaisia/" />
<meta property="og:site_name" content="Espoon Kuvataiteilijat" />
<meta property="article:modified_time" content="2026-04-27T09:40:58+00:00" />
<meta property="og:image" content="https://www.espoonkuvataiteilijat.fi/wp-content/uploads/2026/04/iso-herttua_paakuva-1-scaled-e1777208268992.jpg" />
	<meta property="og:image:width" content="900" />
	<meta property="og:image:height" content="1198" />
	<meta property="og:image:type" content="image/jpeg" />
<meta name="twitter:card" content="summary_large_image" />
<meta name="twitter:label1" content="Est. reading time" />
	<meta name="twitter:data1" content="2 minutes" />
<script type="application/ld+json" class="yoast-schema-graph">{"@context":"https://schema.org","@graph":[{"@type":"WebPage","@id":"https://www.espoonkuvataiteilijat.fi/en/nayttelyt/nina-iso-herttua-josua-kerkis-minja-karoliina-laakso-saara-nurmi-tomi-abergnakyvaisia/","url":"https://www.espoonkuvataiteilijat.fi/en/nayttelyt/nina-iso-herttua-josua-kerkis-minja-karoliina-laakso-saara-nurmi-tomi-abergnakyvaisia/","name":"Nina Iso-Herttua &amp; Josua Kerkis &amp; Minja Karoliina Laakso &amp; Saara Nurmi &amp; Tomi Åberg - Espoon Kuvataiteilijat","isPartOf":{"@id":"https://www.espoonkuvataiteilijat.fi/#website"},"primaryImageOfPage":{"@id":"https://www.espoonkuvataiteilijat.fi/en/nayttelyt/nina-iso-herttua-josua-kerkis-minja-karoliina-laakso-saara-nurmi-tomi-abergnakyvaisia/#primaryimage"},"image":{"@id":"https://www.espoonkuvataiteilijat.fi/en/nayttelyt/nina-iso-herttua-josua-kerkis-minja-karoliina-laakso-saara-nurmi-tomi-abergnakyvaisia/#primaryimage"},"thumbnailUrl":"https://www.espoonkuvataiteilijat.fi/wp-content/uploads/2026/04/iso-herttua_paakuva-1-scaled-e1777208268992.jpg","datePublished":"2026-04-08T14:22:36+00:00","dateModified":"2026-04-27T09:40:58+00:00","breadcrumb":{"@id":"https://www.espoonkuvataiteilijat.fi/en/nayttelyt/nina-iso-herttua-josua-kerkis-minja-karoliina-laakso-saara-nurmi-tomi-abergnakyvaisia/#breadcrumb"},"inLanguage":"en-US","potentialAction":[{"@type":"ReadAction","target":["https://www.espoonkuvataiteilijat.fi/en/nayttelyt/nina-iso-herttua-josua-kerkis-minja-karoliina-laakso-saara-nurmi-tomi-abergnakyvaisia/"]}]},{"@type":"ImageObject","inLanguage":"en-US","@id":"https://www.espoonkuvataiteilijat.fi/en/nayttelyt/nina-iso-herttua-josua-kerkis-minja-karoliina-laakso-saara-nurmi-tomi-abergnakyvaisia/#primaryimage","url":"https://www.espoonkuvataiteilijat.fi/wp-content/uploads/2026/04/iso-herttua_paakuva-1-scaled-e1777208268992.jpg","contentUrl":"https://www.espoonkuvataiteilijat.fi/wp-content/uploads/2026/04/iso-herttua_paakuva-1-scaled-e1777208268992.jpg","width":900,"height":1198},{"@type":"BreadcrumbList","@id":"https://www.espoonkuvataiteilijat.fi/en/nayttelyt/nina-iso-herttua-josua-kerkis-minja-karoliina-laakso-saara-nurmi-tomi-abergnakyvaisia/#breadcrumb","itemListElement":[{"@type":"ListItem","position":1,"name":"Home","item":"https://www.espoonkuvataiteilijat.fi/en/"},{"@type":"ListItem","position":2,"name":"Nina Iso-Herttua &amp; Josua Kerkis &amp; Minja Karoliina Laakso &amp; Saara Nurmi &amp; Tomi Åberg"}]},{"@type":"WebSite","@id":"https://www.espoonkuvataiteilijat.fi/#website","url":"https://www.espoonkuvataiteilijat.fi/","name":"Espoon Kuvataiteilijat","description":"","potentialAction":[{"@type":"SearchAction","target":{"@type":"EntryPoint","urlTemplate":"https://www.espoonkuvataiteilijat.fi/?s={search_term_string}"},"query-input":{"@type":"PropertyValueSpecification","valueRequired":true,"valueName":"search_term_string"}}],"inLanguage":"en-US"}]}</script>
<!-- / Yoast SEO plugin. -->

Nina Iso-Herttua &amp; Josua Kerkis &amp; Minja Karoliina Laakso &amp; Saara Nurmi &amp; Tomi Åberg - Espoon Kuvataiteilijat

Näkyväisiä &nbsp; Welcome to the opening ceremonies on Tuesday, May 26, 2026, from 5–7 p.m! The theme of our exhibition, &#8216;Näkyväisiä,’ is the world of the seen and the unseen. The works interpret this theme freely, through our own personal perspectives. The exhibition features sculptures, paintings, and an installation. The word &#8216;invisible&#8217; carries both a [&hellip;]
