{"id":778,"date":"2019-09-05T14:28:32","date_gmt":"2019-09-05T11:28:32","guid":{"rendered":"https:\/\/www.espoonkuvataiteilijat.fi\/?post_type=nayttelyt&#038;p=778"},"modified":"2019-11-25T13:52:04","modified_gmt":"2019-11-25T11:52:04","slug":"pirkko-makela-haapalinna","status":"publish","type":"nayttelyt","link":"https:\/\/www.espoonkuvataiteilijat.fi\/en\/nayttelyt\/pirkko-makela-haapalinna\/","title":{"rendered":"Pirkko M\u00e4kel\u00e4-Haapalinna"},"content":{"rendered":"\n<h2 class=\"wp-block-heading\">Vita Fragile<\/h2>\n\n\n\n<p>For the past few years I have worked on depicting the essential fragility and transitoriness in humanity and nature. The thought of philosopher Martha Nussbaum has made an indelible impression on me: \u201cit\u2019s based on being more like a plant than like a jewel, something rather fragile, but whose very particular beauty is inseparable from that fragility.\u201d This idea has guided my work in both installations and paintings.<\/p>\n\n\n\n<p>BIO<br><em>Pirkko M\u00e4kel\u00e4-Haapalinna is a visual artist who works and resides in Kemij\u00e4rvi. She is a candidate member in Finnish Painters\u2019 Union, board member of Artists\u2019 Association of Lapland and a member of Pastel Society of America. M\u00e4kel\u00e4-Haapalinna\u2019s work has been displayed in numerous solo exhibitions in Finland, and several group exhibitions abroad. Her pastel paintings have received many international awards. Her latest commission is for the city of Rovaniemi. \u00a0\u00a0\u00a0\u00a0\u00a0\u00a0\u00a0<\/em>  <\/p>\n\n\n\n<p><a href=\"https:\/\/www.espoonkuvataiteilijat.fi\/wp-content\/uploads\/2019\/11\/Pirkon-CV.pdf\" target=\"_blank\" rel=\"noreferrer noopener\" aria-label=\"CV (avautuu uudessa v\u00e4lilehdess\u00e4)\">CV<\/a><\/p>\n\n\n\n<p>Vernissage on Tuesday 26.11. at 17. <\/p>\n\n\n\n<p><em>Image: Pirkko M\u00e4kel\u00e4-Haapalinna, Future Belongs to Me<\/em>,&nbsp;<em>2019, pastel painting on cardboard, 68 x 78 cm<\/em><\/p>\n","protected":false},"featured_media":818,"template":"","tags":[],"class_list":["post-778","nayttelyt","type-nayttelyt","status-publish","has-post-thumbnail","hentry"],"acf":[],"yoast_head":"<!-- This site is optimized with the Yoast SEO plugin v24.2 - https:\/\/yoast.com\/wordpress\/plugins\/seo\/ -->\n<title>Pirkko M\u00e4kel\u00e4-Haapalinna - Espoon Kuvataiteilijat<\/title>\n<meta name=\"robots\" content=\"index, follow, max-snippet:-1, max-image-preview:large, max-video-preview:-1\" \/>\n<link rel=\"canonical\" href=\"https:\/\/www.espoonkuvataiteilijat.fi\/en\/nayttelyt\/pirkko-makela-haapalinna\/\" \/>\n<meta property=\"og:locale\" content=\"en_US\" \/>\n<meta property=\"og:type\" content=\"article\" \/>\n<meta property=\"og:title\" content=\"Pirkko M\u00e4kel\u00e4-Haapalinna - Espoon Kuvataiteilijat\" \/>\n<meta property=\"og:description\" content=\"Vita Fragile For the past few years I have worked on depicting the essential fragility and transitoriness in humanity and nature. The thought of philosopher Martha Nussbaum has made an indelible impression on me: \u201cit\u2019s based on being more like a plant than like a jewel, something rather fragile, but whose very particular beauty is [&hellip;]\" \/>\n<meta property=\"og:url\" content=\"https:\/\/www.espoonkuvataiteilijat.fi\/en\/nayttelyt\/pirkko-makela-haapalinna\/\" \/>\n<meta property=\"og:site_name\" content=\"Espoon Kuvataiteilijat\" \/>\n<meta property=\"article:modified_time\" content=\"2019-11-25T11:52:04+00:00\" \/>\n<meta property=\"og:image\" content=\"https:\/\/www.espoonkuvataiteilijat.fi\/wp-content\/uploads\/2019\/09\/Future-Belongs-to-Me_1300.jpg\" \/>\n\t<meta property=\"og:image:width\" content=\"1300\" \/>\n\t<meta property=\"og:image:height\" content=\"1084\" \/>\n\t<meta property=\"og:image:type\" content=\"image\/jpeg\" \/>\n<meta name=\"twitter:card\" content=\"summary_large_image\" \/>\n<meta name=\"twitter:label1\" content=\"Est. reading time\" \/>\n\t<meta name=\"twitter:data1\" content=\"1 minute\" \/>\n<script type=\"application\/ld+json\" class=\"yoast-schema-graph\">{\"@context\":\"https:\/\/schema.org\",\"@graph\":[{\"@type\":\"WebPage\",\"@id\":\"https:\/\/www.espoonkuvataiteilijat.fi\/en\/nayttelyt\/pirkko-makela-haapalinna\/\",\"url\":\"https:\/\/www.espoonkuvataiteilijat.fi\/en\/nayttelyt\/pirkko-makela-haapalinna\/\",\"name\":\"Pirkko M\u00e4kel\u00e4-Haapalinna - Espoon Kuvataiteilijat\",\"isPartOf\":{\"@id\":\"https:\/\/www.espoonkuvataiteilijat.fi\/#website\"},\"primaryImageOfPage\":{\"@id\":\"https:\/\/www.espoonkuvataiteilijat.fi\/en\/nayttelyt\/pirkko-makela-haapalinna\/#primaryimage\"},\"image\":{\"@id\":\"https:\/\/www.espoonkuvataiteilijat.fi\/en\/nayttelyt\/pirkko-makela-haapalinna\/#primaryimage\"},\"thumbnailUrl\":\"https:\/\/www.espoonkuvataiteilijat.fi\/wp-content\/uploads\/2019\/09\/Future-Belongs-to-Me_1300.jpg\",\"datePublished\":\"2019-09-05T11:28:32+00:00\",\"dateModified\":\"2019-11-25T11:52:04+00:00\",\"breadcrumb\":{\"@id\":\"https:\/\/www.espoonkuvataiteilijat.fi\/en\/nayttelyt\/pirkko-makela-haapalinna\/#breadcrumb\"},\"inLanguage\":\"en-US\",\"potentialAction\":[{\"@type\":\"ReadAction\",\"target\":[\"https:\/\/www.espoonkuvataiteilijat.fi\/en\/nayttelyt\/pirkko-makela-haapalinna\/\"]}]},{\"@type\":\"ImageObject\",\"inLanguage\":\"en-US\",\"@id\":\"https:\/\/www.espoonkuvataiteilijat.fi\/en\/nayttelyt\/pirkko-makela-haapalinna\/#primaryimage\",\"url\":\"https:\/\/www.espoonkuvataiteilijat.fi\/wp-content\/uploads\/2019\/09\/Future-Belongs-to-Me_1300.jpg\",\"contentUrl\":\"https:\/\/www.espoonkuvataiteilijat.fi\/wp-content\/uploads\/2019\/09\/Future-Belongs-to-Me_1300.jpg\",\"width\":1300,\"height\":1084},{\"@type\":\"BreadcrumbList\",\"@id\":\"https:\/\/www.espoonkuvataiteilijat.fi\/en\/nayttelyt\/pirkko-makela-haapalinna\/#breadcrumb\",\"itemListElement\":[{\"@type\":\"ListItem\",\"position\":1,\"name\":\"Home\",\"item\":\"https:\/\/www.espoonkuvataiteilijat.fi\/en\/\"},{\"@type\":\"ListItem\",\"position\":2,\"name\":\"Pirkko M\u00e4kel\u00e4-Haapalinna\"}]},{\"@type\":\"WebSite\",\"@id\":\"https:\/\/www.espoonkuvataiteilijat.fi\/#website\",\"url\":\"https:\/\/www.espoonkuvataiteilijat.fi\/\",\"name\":\"Espoon Kuvataiteilijat\",\"description\":\"\",\"potentialAction\":[{\"@type\":\"SearchAction\",\"target\":{\"@type\":\"EntryPoint\",\"urlTemplate\":\"https:\/\/www.espoonkuvataiteilijat.fi\/?s={search_term_string}\"},\"query-input\":{\"@type\":\"PropertyValueSpecification\",\"valueRequired\":true,\"valueName\":\"search_term_string\"}}],\"inLanguage\":\"en-US\"}]}<\/script>\n<!-- \/ Yoast SEO plugin. -->","yoast_head_json":{"title":"Pirkko M\u00e4kel\u00e4-Haapalinna - Espoon Kuvataiteilijat","robots":{"index":"index","follow":"follow","max-snippet":"max-snippet:-1","max-image-preview":"max-image-preview:large","max-video-preview":"max-video-preview:-1"},"canonical":"https:\/\/www.espoonkuvataiteilijat.fi\/en\/nayttelyt\/pirkko-makela-haapalinna\/","og_locale":"en_US","og_type":"article","og_title":"Pirkko M\u00e4kel\u00e4-Haapalinna - Espoon Kuvataiteilijat","og_description":"Vita Fragile For the past few years I have worked on depicting the essential fragility and transitoriness in humanity and nature. The thought of philosopher Martha Nussbaum has made an indelible impression on me: \u201cit\u2019s based on being more like a plant than like a jewel, something rather fragile, but whose very particular beauty is [&hellip;]","og_url":"https:\/\/www.espoonkuvataiteilijat.fi\/en\/nayttelyt\/pirkko-makela-haapalinna\/","og_site_name":"Espoon Kuvataiteilijat","article_modified_time":"2019-11-25T11:52:04+00:00","og_image":[{"width":1300,"height":1084,"url":"https:\/\/www.espoonkuvataiteilijat.fi\/wp-content\/uploads\/2019\/09\/Future-Belongs-to-Me_1300.jpg","type":"image\/jpeg"}],"twitter_card":"summary_large_image","twitter_misc":{"Est. reading time":"1 minute"},"schema":{"@context":"https:\/\/schema.org","@graph":[{"@type":"WebPage","@id":"https:\/\/www.espoonkuvataiteilijat.fi\/en\/nayttelyt\/pirkko-makela-haapalinna\/","url":"https:\/\/www.espoonkuvataiteilijat.fi\/en\/nayttelyt\/pirkko-makela-haapalinna\/","name":"Pirkko M\u00e4kel\u00e4-Haapalinna - Espoon Kuvataiteilijat","isPartOf":{"@id":"https:\/\/www.espoonkuvataiteilijat.fi\/#website"},"primaryImageOfPage":{"@id":"https:\/\/www.espoonkuvataiteilijat.fi\/en\/nayttelyt\/pirkko-makela-haapalinna\/#primaryimage"},"image":{"@id":"https:\/\/www.espoonkuvataiteilijat.fi\/en\/nayttelyt\/pirkko-makela-haapalinna\/#primaryimage"},"thumbnailUrl":"https:\/\/www.espoonkuvataiteilijat.fi\/wp-content\/uploads\/2019\/09\/Future-Belongs-to-Me_1300.jpg","datePublished":"2019-09-05T11:28:32+00:00","dateModified":"2019-11-25T11:52:04+00:00","breadcrumb":{"@id":"https:\/\/www.espoonkuvataiteilijat.fi\/en\/nayttelyt\/pirkko-makela-haapalinna\/#breadcrumb"},"inLanguage":"en-US","potentialAction":[{"@type":"ReadAction","target":["https:\/\/www.espoonkuvataiteilijat.fi\/en\/nayttelyt\/pirkko-makela-haapalinna\/"]}]},{"@type":"ImageObject","inLanguage":"en-US","@id":"https:\/\/www.espoonkuvataiteilijat.fi\/en\/nayttelyt\/pirkko-makela-haapalinna\/#primaryimage","url":"https:\/\/www.espoonkuvataiteilijat.fi\/wp-content\/uploads\/2019\/09\/Future-Belongs-to-Me_1300.jpg","contentUrl":"https:\/\/www.espoonkuvataiteilijat.fi\/wp-content\/uploads\/2019\/09\/Future-Belongs-to-Me_1300.jpg","width":1300,"height":1084},{"@type":"BreadcrumbList","@id":"https:\/\/www.espoonkuvataiteilijat.fi\/en\/nayttelyt\/pirkko-makela-haapalinna\/#breadcrumb","itemListElement":[{"@type":"ListItem","position":1,"name":"Home","item":"https:\/\/www.espoonkuvataiteilijat.fi\/en\/"},{"@type":"ListItem","position":2,"name":"Pirkko M\u00e4kel\u00e4-Haapalinna"}]},{"@type":"WebSite","@id":"https:\/\/www.espoonkuvataiteilijat.fi\/#website","url":"https:\/\/www.espoonkuvataiteilijat.fi\/","name":"Espoon Kuvataiteilijat","description":"","potentialAction":[{"@type":"SearchAction","target":{"@type":"EntryPoint","urlTemplate":"https:\/\/www.espoonkuvataiteilijat.fi\/?s={search_term_string}"},"query-input":{"@type":"PropertyValueSpecification","valueRequired":true,"valueName":"search_term_string"}}],"inLanguage":"en-US"}]}},"_links":{"self":[{"href":"https:\/\/www.espoonkuvataiteilijat.fi\/en\/wp-json\/wp\/v2\/nayttelyt\/778","targetHints":{"allow":["GET"]}}],"collection":[{"href":"https:\/\/www.espoonkuvataiteilijat.fi\/en\/wp-json\/wp\/v2\/nayttelyt"}],"about":[{"href":"https:\/\/www.espoonkuvataiteilijat.fi\/en\/wp-json\/wp\/v2\/types\/nayttelyt"}],"wp:featuredmedia":[{"embeddable":true,"href":"https:\/\/www.espoonkuvataiteilijat.fi\/en\/wp-json\/wp\/v2\/media\/818"}],"wp:attachment":[{"href":"https:\/\/www.espoonkuvataiteilijat.fi\/en\/wp-json\/wp\/v2\/media?parent=778"}],"wp:term":[{"taxonomy":"post_tag","embeddable":true,"href":"https:\/\/www.espoonkuvataiteilijat.fi\/en\/wp-json\/wp\/v2\/tags?post=778"}],"curies":[{"name":"wp","href":"https:\/\/api.w.org\/{rel}","templated":true}]}}

Pirkko Mäkelä-Haapalinna

<h2 class="wp-block-heading">Vita Fragile</h2>



<p>For the past few years I have worked on depicting the essential fragility and transitoriness in humanity and nature. The thought of philosopher Martha Nussbaum has made an indelible impression on me: “it’s based on being more like a plant than like a jewel, something rather fragile, but whose very particular beauty is inseparable from that fragility.” This idea has guided my work in both installations and paintings.</p>



<p>BIO<br><em>Pirkko Mäkelä-Haapalinna is a visual artist who works and resides in Kemijärvi. She is a candidate member in Finnish Painters’ Union, board member of Artists’ Association of Lapland and a member of Pastel Society of America. Mäkelä-Haapalinna’s work has been displayed in numerous solo exhibitions in Finland, and several group exhibitions abroad. Her pastel paintings have received many international awards. Her latest commission is for the city of Rovaniemi.        </em>  </p>



<p><a href="https://www.espoonkuvataiteilijat.fi/wp-content/uploads/2019/11/Pirkon-CV.pdf" target="_blank" rel="noreferrer noopener" aria-label="CV (avautuu uudessa välilehdessä)">CV</a></p>



<p>Vernissage on Tuesday 26.11. at 17. </p>



<p><em>Image: Pirkko Mäkelä-Haapalinna, Future Belongs to Me</em>,&nbsp;<em>2019, pastel painting on cardboard, 68 x 78 cm</em></p>

<!-- This site is optimized with the Yoast SEO plugin v24.2 - https://yoast.com/wordpress/plugins/seo/ -->
<title>Pirkko Mäkelä-Haapalinna - Espoon Kuvataiteilijat</title>
<meta name="robots" content="index, follow, max-snippet:-1, max-image-preview:large, max-video-preview:-1" />
<link rel="canonical" href="https://www.espoonkuvataiteilijat.fi/en/nayttelyt/pirkko-makela-haapalinna/" />
<meta property="og:locale" content="en_US" />
<meta property="og:type" content="article" />
<meta property="og:title" content="Pirkko Mäkelä-Haapalinna - Espoon Kuvataiteilijat" />
<meta property="og:description" content="Vita Fragile For the past few years I have worked on depicting the essential fragility and transitoriness in humanity and nature. The thought of philosopher Martha Nussbaum has made an indelible impression on me: “it’s based on being more like a plant than like a jewel, something rather fragile, but whose very particular beauty is [&hellip;]" />
<meta property="og:url" content="https://www.espoonkuvataiteilijat.fi/en/nayttelyt/pirkko-makela-haapalinna/" />
<meta property="og:site_name" content="Espoon Kuvataiteilijat" />
<meta property="article:modified_time" content="2019-11-25T11:52:04+00:00" />
<meta property="og:image" content="https://www.espoonkuvataiteilijat.fi/wp-content/uploads/2019/09/Future-Belongs-to-Me_1300.jpg" />
	<meta property="og:image:width" content="1300" />
	<meta property="og:image:height" content="1084" />
	<meta property="og:image:type" content="image/jpeg" />
<meta name="twitter:card" content="summary_large_image" />
<meta name="twitter:label1" content="Est. reading time" />
	<meta name="twitter:data1" content="1 minute" />
<script type="application/ld+json" class="yoast-schema-graph">{"@context":"https://schema.org","@graph":[{"@type":"WebPage","@id":"https://www.espoonkuvataiteilijat.fi/en/nayttelyt/pirkko-makela-haapalinna/","url":"https://www.espoonkuvataiteilijat.fi/en/nayttelyt/pirkko-makela-haapalinna/","name":"Pirkko Mäkelä-Haapalinna - Espoon Kuvataiteilijat","isPartOf":{"@id":"https://www.espoonkuvataiteilijat.fi/#website"},"primaryImageOfPage":{"@id":"https://www.espoonkuvataiteilijat.fi/en/nayttelyt/pirkko-makela-haapalinna/#primaryimage"},"image":{"@id":"https://www.espoonkuvataiteilijat.fi/en/nayttelyt/pirkko-makela-haapalinna/#primaryimage"},"thumbnailUrl":"https://www.espoonkuvataiteilijat.fi/wp-content/uploads/2019/09/Future-Belongs-to-Me_1300.jpg","datePublished":"2019-09-05T11:28:32+00:00","dateModified":"2019-11-25T11:52:04+00:00","breadcrumb":{"@id":"https://www.espoonkuvataiteilijat.fi/en/nayttelyt/pirkko-makela-haapalinna/#breadcrumb"},"inLanguage":"en-US","potentialAction":[{"@type":"ReadAction","target":["https://www.espoonkuvataiteilijat.fi/en/nayttelyt/pirkko-makela-haapalinna/"]}]},{"@type":"ImageObject","inLanguage":"en-US","@id":"https://www.espoonkuvataiteilijat.fi/en/nayttelyt/pirkko-makela-haapalinna/#primaryimage","url":"https://www.espoonkuvataiteilijat.fi/wp-content/uploads/2019/09/Future-Belongs-to-Me_1300.jpg","contentUrl":"https://www.espoonkuvataiteilijat.fi/wp-content/uploads/2019/09/Future-Belongs-to-Me_1300.jpg","width":1300,"height":1084},{"@type":"BreadcrumbList","@id":"https://www.espoonkuvataiteilijat.fi/en/nayttelyt/pirkko-makela-haapalinna/#breadcrumb","itemListElement":[{"@type":"ListItem","position":1,"name":"Home","item":"https://www.espoonkuvataiteilijat.fi/en/"},{"@type":"ListItem","position":2,"name":"Pirkko Mäkelä-Haapalinna"}]},{"@type":"WebSite","@id":"https://www.espoonkuvataiteilijat.fi/#website","url":"https://www.espoonkuvataiteilijat.fi/","name":"Espoon Kuvataiteilijat","description":"","potentialAction":[{"@type":"SearchAction","target":{"@type":"EntryPoint","urlTemplate":"https://www.espoonkuvataiteilijat.fi/?s={search_term_string}"},"query-input":{"@type":"PropertyValueSpecification","valueRequired":true,"valueName":"search_term_string"}}],"inLanguage":"en-US"}]}</script>
<!-- / Yoast SEO plugin. -->

Pirkko Mäkelä-Haapalinna - Espoon Kuvataiteilijat
