{"id":785,"date":"2019-09-05T13:41:43","date_gmt":"2019-09-05T10:41:43","guid":{"rendered":"https:\/\/www.espoonkuvataiteilijat.fi\/?post_type=nayttelyt&#038;p=785"},"modified":"2019-10-15T16:14:36","modified_gmt":"2019-10-15T13:14:36","slug":"spring-2019-exhibitions","status":"publish","type":"nayttelyt","link":"https:\/\/www.espoonkuvataiteilijat.fi\/en\/nayttelyt\/spring-2019-exhibitions\/","title":{"rendered":"Spring 2019 exhibitions"},"content":{"rendered":"\n<p><strong>Riitta Forsman<\/strong><br>4.1.-26.1.<\/p>\n\n\n\n<p><strong>Sini Hodju <\/strong><br>30.1.-23.2.<\/p>\n\n\n\n<p><strong>Leena R\u00e4s\u00e4nen<\/strong> <br>27.2.-23.3. <\/p>\n\n\n\n<p><strong>Erno Peltonen<\/strong> <br>27.3.-19.4.<\/p>\n\n\n\n<p><strong>Hanna Per\u00e4kyl\u00e4<\/strong> <br>24.4.-18.5.<\/p>\n\n\n\n<p><strong>Annika Ruuska<\/strong> <br>22.5.-15.6.<\/p>\n\n\n\n<p><em>Image: Annika Ruuska, N\u00e4kyv\u00e4 valo<\/em><\/p>\n\n\n<p><!--EndFragment--><\/p>","protected":false},"featured_media":786,"template":"","tags":[],"class_list":["post-785","nayttelyt","type-nayttelyt","status-publish","has-post-thumbnail","hentry"],"acf":[],"yoast_head":"<!-- This site is optimized with the Yoast SEO plugin v24.2 - https:\/\/yoast.com\/wordpress\/plugins\/seo\/ -->\n<title>Spring 2019 exhibitions - Espoon Kuvataiteilijat<\/title>\n<meta name=\"robots\" content=\"index, follow, max-snippet:-1, max-image-preview:large, max-video-preview:-1\" \/>\n<link rel=\"canonical\" href=\"https:\/\/www.espoonkuvataiteilijat.fi\/en\/nayttelyt\/spring-2019-exhibitions\/\" \/>\n<meta property=\"og:locale\" content=\"en_US\" \/>\n<meta property=\"og:type\" content=\"article\" \/>\n<meta property=\"og:title\" content=\"Spring 2019 exhibitions - Espoon Kuvataiteilijat\" \/>\n<meta property=\"og:description\" content=\"Riitta Forsman4.1.-26.1. Sini Hodju 30.1.-23.2. Leena R\u00e4s\u00e4nen 27.2.-23.3. Erno Peltonen 27.3.-19.4. Hanna Per\u00e4kyl\u00e4 24.4.-18.5. Annika Ruuska 22.5.-15.6. Image: Annika Ruuska, N\u00e4kyv\u00e4 valo\" \/>\n<meta property=\"og:url\" content=\"https:\/\/www.espoonkuvataiteilijat.fi\/en\/nayttelyt\/spring-2019-exhibitions\/\" \/>\n<meta property=\"og:site_name\" content=\"Espoon Kuvataiteilijat\" \/>\n<meta property=\"article:modified_time\" content=\"2019-10-15T13:14:36+00:00\" \/>\n<meta property=\"og:image\" content=\"https:\/\/www.espoonkuvataiteilijat.fi\/wp-content\/uploads\/2019\/09\/AnnikaRuuskaKutsukuva1300.jpg\" \/>\n\t<meta property=\"og:image:width\" content=\"1300\" \/>\n\t<meta property=\"og:image:height\" content=\"1072\" \/>\n\t<meta property=\"og:image:type\" content=\"image\/jpeg\" \/>\n<meta name=\"twitter:card\" content=\"summary_large_image\" \/>\n<script type=\"application\/ld+json\" class=\"yoast-schema-graph\">{\"@context\":\"https:\/\/schema.org\",\"@graph\":[{\"@type\":\"WebPage\",\"@id\":\"https:\/\/www.espoonkuvataiteilijat.fi\/en\/nayttelyt\/spring-2019-exhibitions\/\",\"url\":\"https:\/\/www.espoonkuvataiteilijat.fi\/en\/nayttelyt\/spring-2019-exhibitions\/\",\"name\":\"Spring 2019 exhibitions - Espoon Kuvataiteilijat\",\"isPartOf\":{\"@id\":\"https:\/\/www.espoonkuvataiteilijat.fi\/#website\"},\"primaryImageOfPage\":{\"@id\":\"https:\/\/www.espoonkuvataiteilijat.fi\/en\/nayttelyt\/spring-2019-exhibitions\/#primaryimage\"},\"image\":{\"@id\":\"https:\/\/www.espoonkuvataiteilijat.fi\/en\/nayttelyt\/spring-2019-exhibitions\/#primaryimage\"},\"thumbnailUrl\":\"https:\/\/www.espoonkuvataiteilijat.fi\/wp-content\/uploads\/2019\/09\/AnnikaRuuskaKutsukuva1300.jpg\",\"datePublished\":\"2019-09-05T10:41:43+00:00\",\"dateModified\":\"2019-10-15T13:14:36+00:00\",\"breadcrumb\":{\"@id\":\"https:\/\/www.espoonkuvataiteilijat.fi\/en\/nayttelyt\/spring-2019-exhibitions\/#breadcrumb\"},\"inLanguage\":\"en-US\",\"potentialAction\":[{\"@type\":\"ReadAction\",\"target\":[\"https:\/\/www.espoonkuvataiteilijat.fi\/en\/nayttelyt\/spring-2019-exhibitions\/\"]}]},{\"@type\":\"ImageObject\",\"inLanguage\":\"en-US\",\"@id\":\"https:\/\/www.espoonkuvataiteilijat.fi\/en\/nayttelyt\/spring-2019-exhibitions\/#primaryimage\",\"url\":\"https:\/\/www.espoonkuvataiteilijat.fi\/wp-content\/uploads\/2019\/09\/AnnikaRuuskaKutsukuva1300.jpg\",\"contentUrl\":\"https:\/\/www.espoonkuvataiteilijat.fi\/wp-content\/uploads\/2019\/09\/AnnikaRuuskaKutsukuva1300.jpg\",\"width\":1300,\"height\":1072,\"caption\":\"Annika Ruuska: N\u00e4kyv\u00e4 valo\"},{\"@type\":\"BreadcrumbList\",\"@id\":\"https:\/\/www.espoonkuvataiteilijat.fi\/en\/nayttelyt\/spring-2019-exhibitions\/#breadcrumb\",\"itemListElement\":[{\"@type\":\"ListItem\",\"position\":1,\"name\":\"Home\",\"item\":\"https:\/\/www.espoonkuvataiteilijat.fi\/en\/\"},{\"@type\":\"ListItem\",\"position\":2,\"name\":\"Spring 2019 exhibitions\"}]},{\"@type\":\"WebSite\",\"@id\":\"https:\/\/www.espoonkuvataiteilijat.fi\/#website\",\"url\":\"https:\/\/www.espoonkuvataiteilijat.fi\/\",\"name\":\"Espoon Kuvataiteilijat\",\"description\":\"\",\"potentialAction\":[{\"@type\":\"SearchAction\",\"target\":{\"@type\":\"EntryPoint\",\"urlTemplate\":\"https:\/\/www.espoonkuvataiteilijat.fi\/?s={search_term_string}\"},\"query-input\":{\"@type\":\"PropertyValueSpecification\",\"valueRequired\":true,\"valueName\":\"search_term_string\"}}],\"inLanguage\":\"en-US\"}]}<\/script>\n<!-- \/ Yoast SEO plugin. -->","yoast_head_json":{"title":"Spring 2019 exhibitions - Espoon Kuvataiteilijat","robots":{"index":"index","follow":"follow","max-snippet":"max-snippet:-1","max-image-preview":"max-image-preview:large","max-video-preview":"max-video-preview:-1"},"canonical":"https:\/\/www.espoonkuvataiteilijat.fi\/en\/nayttelyt\/spring-2019-exhibitions\/","og_locale":"en_US","og_type":"article","og_title":"Spring 2019 exhibitions - Espoon Kuvataiteilijat","og_description":"Riitta Forsman4.1.-26.1. Sini Hodju 30.1.-23.2. Leena R\u00e4s\u00e4nen 27.2.-23.3. Erno Peltonen 27.3.-19.4. Hanna Per\u00e4kyl\u00e4 24.4.-18.5. Annika Ruuska 22.5.-15.6. Image: Annika Ruuska, N\u00e4kyv\u00e4 valo","og_url":"https:\/\/www.espoonkuvataiteilijat.fi\/en\/nayttelyt\/spring-2019-exhibitions\/","og_site_name":"Espoon Kuvataiteilijat","article_modified_time":"2019-10-15T13:14:36+00:00","og_image":[{"width":1300,"height":1072,"url":"https:\/\/www.espoonkuvataiteilijat.fi\/wp-content\/uploads\/2019\/09\/AnnikaRuuskaKutsukuva1300.jpg","type":"image\/jpeg"}],"twitter_card":"summary_large_image","schema":{"@context":"https:\/\/schema.org","@graph":[{"@type":"WebPage","@id":"https:\/\/www.espoonkuvataiteilijat.fi\/en\/nayttelyt\/spring-2019-exhibitions\/","url":"https:\/\/www.espoonkuvataiteilijat.fi\/en\/nayttelyt\/spring-2019-exhibitions\/","name":"Spring 2019 exhibitions - Espoon Kuvataiteilijat","isPartOf":{"@id":"https:\/\/www.espoonkuvataiteilijat.fi\/#website"},"primaryImageOfPage":{"@id":"https:\/\/www.espoonkuvataiteilijat.fi\/en\/nayttelyt\/spring-2019-exhibitions\/#primaryimage"},"image":{"@id":"https:\/\/www.espoonkuvataiteilijat.fi\/en\/nayttelyt\/spring-2019-exhibitions\/#primaryimage"},"thumbnailUrl":"https:\/\/www.espoonkuvataiteilijat.fi\/wp-content\/uploads\/2019\/09\/AnnikaRuuskaKutsukuva1300.jpg","datePublished":"2019-09-05T10:41:43+00:00","dateModified":"2019-10-15T13:14:36+00:00","breadcrumb":{"@id":"https:\/\/www.espoonkuvataiteilijat.fi\/en\/nayttelyt\/spring-2019-exhibitions\/#breadcrumb"},"inLanguage":"en-US","potentialAction":[{"@type":"ReadAction","target":["https:\/\/www.espoonkuvataiteilijat.fi\/en\/nayttelyt\/spring-2019-exhibitions\/"]}]},{"@type":"ImageObject","inLanguage":"en-US","@id":"https:\/\/www.espoonkuvataiteilijat.fi\/en\/nayttelyt\/spring-2019-exhibitions\/#primaryimage","url":"https:\/\/www.espoonkuvataiteilijat.fi\/wp-content\/uploads\/2019\/09\/AnnikaRuuskaKutsukuva1300.jpg","contentUrl":"https:\/\/www.espoonkuvataiteilijat.fi\/wp-content\/uploads\/2019\/09\/AnnikaRuuskaKutsukuva1300.jpg","width":1300,"height":1072,"caption":"Annika Ruuska: N\u00e4kyv\u00e4 valo"},{"@type":"BreadcrumbList","@id":"https:\/\/www.espoonkuvataiteilijat.fi\/en\/nayttelyt\/spring-2019-exhibitions\/#breadcrumb","itemListElement":[{"@type":"ListItem","position":1,"name":"Home","item":"https:\/\/www.espoonkuvataiteilijat.fi\/en\/"},{"@type":"ListItem","position":2,"name":"Spring 2019 exhibitions"}]},{"@type":"WebSite","@id":"https:\/\/www.espoonkuvataiteilijat.fi\/#website","url":"https:\/\/www.espoonkuvataiteilijat.fi\/","name":"Espoon Kuvataiteilijat","description":"","potentialAction":[{"@type":"SearchAction","target":{"@type":"EntryPoint","urlTemplate":"https:\/\/www.espoonkuvataiteilijat.fi\/?s={search_term_string}"},"query-input":{"@type":"PropertyValueSpecification","valueRequired":true,"valueName":"search_term_string"}}],"inLanguage":"en-US"}]}},"_links":{"self":[{"href":"https:\/\/www.espoonkuvataiteilijat.fi\/en\/wp-json\/wp\/v2\/nayttelyt\/785","targetHints":{"allow":["GET"]}}],"collection":[{"href":"https:\/\/www.espoonkuvataiteilijat.fi\/en\/wp-json\/wp\/v2\/nayttelyt"}],"about":[{"href":"https:\/\/www.espoonkuvataiteilijat.fi\/en\/wp-json\/wp\/v2\/types\/nayttelyt"}],"wp:featuredmedia":[{"embeddable":true,"href":"https:\/\/www.espoonkuvataiteilijat.fi\/en\/wp-json\/wp\/v2\/media\/786"}],"wp:attachment":[{"href":"https:\/\/www.espoonkuvataiteilijat.fi\/en\/wp-json\/wp\/v2\/media?parent=785"}],"wp:term":[{"taxonomy":"post_tag","embeddable":true,"href":"https:\/\/www.espoonkuvataiteilijat.fi\/en\/wp-json\/wp\/v2\/tags?post=785"}],"curies":[{"name":"wp","href":"https:\/\/api.w.org\/{rel}","templated":true}]}}

<p><strong>Riitta Forsman</strong><br>4.1.-26.1.</p>



<p><strong>Sini Hodju </strong><br>30.1.-23.2.</p>



<p><strong>Leena Räsänen</strong> <br>27.2.-23.3. </p>



<p><strong>Erno Peltonen</strong> <br>27.3.-19.4.</p>



<p><strong>Hanna Peräkylä</strong> <br>24.4.-18.5.</p>



<p><strong>Annika Ruuska</strong> <br>22.5.-15.6.</p>



<p><em>Image: Annika Ruuska, Näkyvä valo</em></p>


<p><!--EndFragment--></p>

<!-- This site is optimized with the Yoast SEO plugin v24.2 - https://yoast.com/wordpress/plugins/seo/ -->
<title>Spring 2019 exhibitions - Espoon Kuvataiteilijat</title>
<meta name="robots" content="index, follow, max-snippet:-1, max-image-preview:large, max-video-preview:-1" />
<link rel="canonical" href="https://www.espoonkuvataiteilijat.fi/en/nayttelyt/spring-2019-exhibitions/" />
<meta property="og:locale" content="en_US" />
<meta property="og:type" content="article" />
<meta property="og:title" content="Spring 2019 exhibitions - Espoon Kuvataiteilijat" />
<meta property="og:description" content="Riitta Forsman4.1.-26.1. Sini Hodju 30.1.-23.2. Leena Räsänen 27.2.-23.3. Erno Peltonen 27.3.-19.4. Hanna Peräkylä 24.4.-18.5. Annika Ruuska 22.5.-15.6. Image: Annika Ruuska, Näkyvä valo" />
<meta property="og:url" content="https://www.espoonkuvataiteilijat.fi/en/nayttelyt/spring-2019-exhibitions/" />
<meta property="og:site_name" content="Espoon Kuvataiteilijat" />
<meta property="article:modified_time" content="2019-10-15T13:14:36+00:00" />
<meta property="og:image" content="https://www.espoonkuvataiteilijat.fi/wp-content/uploads/2019/09/AnnikaRuuskaKutsukuva1300.jpg" />
	<meta property="og:image:width" content="1300" />
	<meta property="og:image:height" content="1072" />
	<meta property="og:image:type" content="image/jpeg" />
<meta name="twitter:card" content="summary_large_image" />
<script type="application/ld+json" class="yoast-schema-graph">{"@context":"https://schema.org","@graph":[{"@type":"WebPage","@id":"https://www.espoonkuvataiteilijat.fi/en/nayttelyt/spring-2019-exhibitions/","url":"https://www.espoonkuvataiteilijat.fi/en/nayttelyt/spring-2019-exhibitions/","name":"Spring 2019 exhibitions - Espoon Kuvataiteilijat","isPartOf":{"@id":"https://www.espoonkuvataiteilijat.fi/#website"},"primaryImageOfPage":{"@id":"https://www.espoonkuvataiteilijat.fi/en/nayttelyt/spring-2019-exhibitions/#primaryimage"},"image":{"@id":"https://www.espoonkuvataiteilijat.fi/en/nayttelyt/spring-2019-exhibitions/#primaryimage"},"thumbnailUrl":"https://www.espoonkuvataiteilijat.fi/wp-content/uploads/2019/09/AnnikaRuuskaKutsukuva1300.jpg","datePublished":"2019-09-05T10:41:43+00:00","dateModified":"2019-10-15T13:14:36+00:00","breadcrumb":{"@id":"https://www.espoonkuvataiteilijat.fi/en/nayttelyt/spring-2019-exhibitions/#breadcrumb"},"inLanguage":"en-US","potentialAction":[{"@type":"ReadAction","target":["https://www.espoonkuvataiteilijat.fi/en/nayttelyt/spring-2019-exhibitions/"]}]},{"@type":"ImageObject","inLanguage":"en-US","@id":"https://www.espoonkuvataiteilijat.fi/en/nayttelyt/spring-2019-exhibitions/#primaryimage","url":"https://www.espoonkuvataiteilijat.fi/wp-content/uploads/2019/09/AnnikaRuuskaKutsukuva1300.jpg","contentUrl":"https://www.espoonkuvataiteilijat.fi/wp-content/uploads/2019/09/AnnikaRuuskaKutsukuva1300.jpg","width":1300,"height":1072,"caption":"Annika Ruuska: Näkyvä valo"},{"@type":"BreadcrumbList","@id":"https://www.espoonkuvataiteilijat.fi/en/nayttelyt/spring-2019-exhibitions/#breadcrumb","itemListElement":[{"@type":"ListItem","position":1,"name":"Home","item":"https://www.espoonkuvataiteilijat.fi/en/"},{"@type":"ListItem","position":2,"name":"Spring 2019 exhibitions"}]},{"@type":"WebSite","@id":"https://www.espoonkuvataiteilijat.fi/#website","url":"https://www.espoonkuvataiteilijat.fi/","name":"Espoon Kuvataiteilijat","description":"","potentialAction":[{"@type":"SearchAction","target":{"@type":"EntryPoint","urlTemplate":"https://www.espoonkuvataiteilijat.fi/?s={search_term_string}"},"query-input":{"@type":"PropertyValueSpecification","valueRequired":true,"valueName":"search_term_string"}}],"inLanguage":"en-US"}]}</script>
<!-- / Yoast SEO plugin. -->

Riitta Forsman4.1.-26.1. Sini Hodju 30.1.-23.2. Leena Räsänen 27.2.-23.3. Erno Peltonen 27.3.-19.4. Hanna Peräkylä 24.4.-18.5. Annika Ruuska 22.5.-15.6. Image: Annika Ruuska, Näkyvä valo

Annika Ruuska: Näkyvä valo
