{"id":810,"date":"2019-10-24T17:52:14","date_gmt":"2019-10-24T14:52:14","guid":{"rendered":"https:\/\/www.espoonkuvataiteilijat.fi\/?post_type=tapahtumat&#038;p=810"},"modified":"2019-10-24T17:52:15","modified_gmt":"2019-10-24T14:52:15","slug":"iiris-ruuth-elamaa-etsimassa-vernissage","status":"publish","type":"tapahtumat","link":"https:\/\/www.espoonkuvataiteilijat.fi\/en\/tapahtumat\/iiris-ruuth-elamaa-etsimassa-vernissage\/","title":{"rendered":"Iiris Ruuth: El\u00e4m\u00e4\u00e4 etsim\u00e4ss\u00e4 vernissage"},"content":{"rendered":"\n<p>Iiris Ruuth expands her sceneries to also include space. The \npaintings are abstract screneries with nature themes \u2013 water, earth, sky\n and space mixing together.<\/p>\n\n\n\n<p>Vernissage on 29.10. at 17 in Galleria Aarni. Welcome!<\/p>\n\n\n\n<p><em>Image: Iiris Ruuth, Red Sorghum, mixed media on canvas, 115\u00d7130 cm, 2019<\/em> <\/p>\n","protected":false},"featured_media":791,"template":"","tags":[],"class_list":["post-810","tapahtumat","type-tapahtumat","status-publish","has-post-thumbnail","hentry"],"acf":[],"yoast_head":"<!-- This site is optimized with the Yoast SEO plugin v24.2 - https:\/\/yoast.com\/wordpress\/plugins\/seo\/ -->\n<title>Iiris Ruuth: El\u00e4m\u00e4\u00e4 etsim\u00e4ss\u00e4 vernissage - Espoon Kuvataiteilijat<\/title>\n<meta name=\"robots\" content=\"index, follow, max-snippet:-1, max-image-preview:large, max-video-preview:-1\" \/>\n<link rel=\"canonical\" href=\"https:\/\/www.espoonkuvataiteilijat.fi\/en\/tapahtumat\/iiris-ruuth-elamaa-etsimassa-vernissage\/\" \/>\n<meta property=\"og:locale\" content=\"en_US\" \/>\n<meta property=\"og:type\" content=\"article\" \/>\n<meta property=\"og:title\" content=\"Iiris Ruuth: El\u00e4m\u00e4\u00e4 etsim\u00e4ss\u00e4 vernissage - Espoon Kuvataiteilijat\" \/>\n<meta property=\"og:description\" content=\"Iiris Ruuth expands her sceneries to also include space. The paintings are abstract screneries with nature themes \u2013 water, earth, sky and space mixing together. Vernissage on 29.10. at 17 in Galleria Aarni. Welcome! Image: Iiris Ruuth, Red Sorghum, mixed media on canvas, 115\u00d7130 cm, 2019\" \/>\n<meta property=\"og:url\" content=\"https:\/\/www.espoonkuvataiteilijat.fi\/en\/tapahtumat\/iiris-ruuth-elamaa-etsimassa-vernissage\/\" \/>\n<meta property=\"og:site_name\" content=\"Espoon Kuvataiteilijat\" \/>\n<meta property=\"article:modified_time\" content=\"2019-10-24T14:52:15+00:00\" \/>\n<meta property=\"og:image\" content=\"https:\/\/www.espoonkuvataiteilijat.fi\/wp-content\/uploads\/2019\/09\/Ruuth-Iiris-Red-Sorghum-sekatekniikka-kankaalle-115x130-cm-2019.jpg\" \/>\n\t<meta property=\"og:image:width\" content=\"1300\" \/>\n\t<meta property=\"og:image:height\" content=\"1155\" \/>\n\t<meta property=\"og:image:type\" content=\"image\/jpeg\" \/>\n<meta name=\"twitter:card\" content=\"summary_large_image\" \/>\n<script type=\"application\/ld+json\" class=\"yoast-schema-graph\">{\"@context\":\"https:\/\/schema.org\",\"@graph\":[{\"@type\":\"WebPage\",\"@id\":\"https:\/\/www.espoonkuvataiteilijat.fi\/en\/tapahtumat\/iiris-ruuth-elamaa-etsimassa-vernissage\/\",\"url\":\"https:\/\/www.espoonkuvataiteilijat.fi\/en\/tapahtumat\/iiris-ruuth-elamaa-etsimassa-vernissage\/\",\"name\":\"Iiris Ruuth: El\u00e4m\u00e4\u00e4 etsim\u00e4ss\u00e4 vernissage - Espoon Kuvataiteilijat\",\"isPartOf\":{\"@id\":\"https:\/\/www.espoonkuvataiteilijat.fi\/#website\"},\"primaryImageOfPage\":{\"@id\":\"https:\/\/www.espoonkuvataiteilijat.fi\/en\/tapahtumat\/iiris-ruuth-elamaa-etsimassa-vernissage\/#primaryimage\"},\"image\":{\"@id\":\"https:\/\/www.espoonkuvataiteilijat.fi\/en\/tapahtumat\/iiris-ruuth-elamaa-etsimassa-vernissage\/#primaryimage\"},\"thumbnailUrl\":\"https:\/\/www.espoonkuvataiteilijat.fi\/wp-content\/uploads\/2019\/09\/Ruuth-Iiris-Red-Sorghum-sekatekniikka-kankaalle-115x130-cm-2019.jpg\",\"datePublished\":\"2019-10-24T14:52:14+00:00\",\"dateModified\":\"2019-10-24T14:52:15+00:00\",\"breadcrumb\":{\"@id\":\"https:\/\/www.espoonkuvataiteilijat.fi\/en\/tapahtumat\/iiris-ruuth-elamaa-etsimassa-vernissage\/#breadcrumb\"},\"inLanguage\":\"en-US\",\"potentialAction\":[{\"@type\":\"ReadAction\",\"target\":[\"https:\/\/www.espoonkuvataiteilijat.fi\/en\/tapahtumat\/iiris-ruuth-elamaa-etsimassa-vernissage\/\"]}]},{\"@type\":\"ImageObject\",\"inLanguage\":\"en-US\",\"@id\":\"https:\/\/www.espoonkuvataiteilijat.fi\/en\/tapahtumat\/iiris-ruuth-elamaa-etsimassa-vernissage\/#primaryimage\",\"url\":\"https:\/\/www.espoonkuvataiteilijat.fi\/wp-content\/uploads\/2019\/09\/Ruuth-Iiris-Red-Sorghum-sekatekniikka-kankaalle-115x130-cm-2019.jpg\",\"contentUrl\":\"https:\/\/www.espoonkuvataiteilijat.fi\/wp-content\/uploads\/2019\/09\/Ruuth-Iiris-Red-Sorghum-sekatekniikka-kankaalle-115x130-cm-2019.jpg\",\"width\":1300,\"height\":1155,\"caption\":\"Iiris Ruuth. Red Sorghum, sekatekniikka\"},{\"@type\":\"BreadcrumbList\",\"@id\":\"https:\/\/www.espoonkuvataiteilijat.fi\/en\/tapahtumat\/iiris-ruuth-elamaa-etsimassa-vernissage\/#breadcrumb\",\"itemListElement\":[{\"@type\":\"ListItem\",\"position\":1,\"name\":\"Home\",\"item\":\"https:\/\/www.espoonkuvataiteilijat.fi\/en\/\"},{\"@type\":\"ListItem\",\"position\":2,\"name\":\"Tapahtumat\",\"item\":\"https:\/\/www.espoonkuvataiteilijat.fi\/tapahtumat\/\"},{\"@type\":\"ListItem\",\"position\":3,\"name\":\"Iiris Ruuth: El\u00e4m\u00e4\u00e4 etsim\u00e4ss\u00e4 vernissage\"}]},{\"@type\":\"WebSite\",\"@id\":\"https:\/\/www.espoonkuvataiteilijat.fi\/#website\",\"url\":\"https:\/\/www.espoonkuvataiteilijat.fi\/\",\"name\":\"Espoon Kuvataiteilijat\",\"description\":\"\",\"potentialAction\":[{\"@type\":\"SearchAction\",\"target\":{\"@type\":\"EntryPoint\",\"urlTemplate\":\"https:\/\/www.espoonkuvataiteilijat.fi\/?s={search_term_string}\"},\"query-input\":{\"@type\":\"PropertyValueSpecification\",\"valueRequired\":true,\"valueName\":\"search_term_string\"}}],\"inLanguage\":\"en-US\"}]}<\/script>\n<!-- \/ Yoast SEO plugin. -->","yoast_head_json":{"title":"Iiris Ruuth: El\u00e4m\u00e4\u00e4 etsim\u00e4ss\u00e4 vernissage - Espoon Kuvataiteilijat","robots":{"index":"index","follow":"follow","max-snippet":"max-snippet:-1","max-image-preview":"max-image-preview:large","max-video-preview":"max-video-preview:-1"},"canonical":"https:\/\/www.espoonkuvataiteilijat.fi\/en\/tapahtumat\/iiris-ruuth-elamaa-etsimassa-vernissage\/","og_locale":"en_US","og_type":"article","og_title":"Iiris Ruuth: El\u00e4m\u00e4\u00e4 etsim\u00e4ss\u00e4 vernissage - Espoon Kuvataiteilijat","og_description":"Iiris Ruuth expands her sceneries to also include space. The paintings are abstract screneries with nature themes \u2013 water, earth, sky and space mixing together. Vernissage on 29.10. at 17 in Galleria Aarni. Welcome! Image: Iiris Ruuth, Red Sorghum, mixed media on canvas, 115\u00d7130 cm, 2019","og_url":"https:\/\/www.espoonkuvataiteilijat.fi\/en\/tapahtumat\/iiris-ruuth-elamaa-etsimassa-vernissage\/","og_site_name":"Espoon Kuvataiteilijat","article_modified_time":"2019-10-24T14:52:15+00:00","og_image":[{"width":1300,"height":1155,"url":"https:\/\/www.espoonkuvataiteilijat.fi\/wp-content\/uploads\/2019\/09\/Ruuth-Iiris-Red-Sorghum-sekatekniikka-kankaalle-115x130-cm-2019.jpg","type":"image\/jpeg"}],"twitter_card":"summary_large_image","schema":{"@context":"https:\/\/schema.org","@graph":[{"@type":"WebPage","@id":"https:\/\/www.espoonkuvataiteilijat.fi\/en\/tapahtumat\/iiris-ruuth-elamaa-etsimassa-vernissage\/","url":"https:\/\/www.espoonkuvataiteilijat.fi\/en\/tapahtumat\/iiris-ruuth-elamaa-etsimassa-vernissage\/","name":"Iiris Ruuth: El\u00e4m\u00e4\u00e4 etsim\u00e4ss\u00e4 vernissage - Espoon Kuvataiteilijat","isPartOf":{"@id":"https:\/\/www.espoonkuvataiteilijat.fi\/#website"},"primaryImageOfPage":{"@id":"https:\/\/www.espoonkuvataiteilijat.fi\/en\/tapahtumat\/iiris-ruuth-elamaa-etsimassa-vernissage\/#primaryimage"},"image":{"@id":"https:\/\/www.espoonkuvataiteilijat.fi\/en\/tapahtumat\/iiris-ruuth-elamaa-etsimassa-vernissage\/#primaryimage"},"thumbnailUrl":"https:\/\/www.espoonkuvataiteilijat.fi\/wp-content\/uploads\/2019\/09\/Ruuth-Iiris-Red-Sorghum-sekatekniikka-kankaalle-115x130-cm-2019.jpg","datePublished":"2019-10-24T14:52:14+00:00","dateModified":"2019-10-24T14:52:15+00:00","breadcrumb":{"@id":"https:\/\/www.espoonkuvataiteilijat.fi\/en\/tapahtumat\/iiris-ruuth-elamaa-etsimassa-vernissage\/#breadcrumb"},"inLanguage":"en-US","potentialAction":[{"@type":"ReadAction","target":["https:\/\/www.espoonkuvataiteilijat.fi\/en\/tapahtumat\/iiris-ruuth-elamaa-etsimassa-vernissage\/"]}]},{"@type":"ImageObject","inLanguage":"en-US","@id":"https:\/\/www.espoonkuvataiteilijat.fi\/en\/tapahtumat\/iiris-ruuth-elamaa-etsimassa-vernissage\/#primaryimage","url":"https:\/\/www.espoonkuvataiteilijat.fi\/wp-content\/uploads\/2019\/09\/Ruuth-Iiris-Red-Sorghum-sekatekniikka-kankaalle-115x130-cm-2019.jpg","contentUrl":"https:\/\/www.espoonkuvataiteilijat.fi\/wp-content\/uploads\/2019\/09\/Ruuth-Iiris-Red-Sorghum-sekatekniikka-kankaalle-115x130-cm-2019.jpg","width":1300,"height":1155,"caption":"Iiris Ruuth. Red Sorghum, sekatekniikka"},{"@type":"BreadcrumbList","@id":"https:\/\/www.espoonkuvataiteilijat.fi\/en\/tapahtumat\/iiris-ruuth-elamaa-etsimassa-vernissage\/#breadcrumb","itemListElement":[{"@type":"ListItem","position":1,"name":"Home","item":"https:\/\/www.espoonkuvataiteilijat.fi\/en\/"},{"@type":"ListItem","position":2,"name":"Tapahtumat","item":"https:\/\/www.espoonkuvataiteilijat.fi\/tapahtumat\/"},{"@type":"ListItem","position":3,"name":"Iiris Ruuth: El\u00e4m\u00e4\u00e4 etsim\u00e4ss\u00e4 vernissage"}]},{"@type":"WebSite","@id":"https:\/\/www.espoonkuvataiteilijat.fi\/#website","url":"https:\/\/www.espoonkuvataiteilijat.fi\/","name":"Espoon Kuvataiteilijat","description":"","potentialAction":[{"@type":"SearchAction","target":{"@type":"EntryPoint","urlTemplate":"https:\/\/www.espoonkuvataiteilijat.fi\/?s={search_term_string}"},"query-input":{"@type":"PropertyValueSpecification","valueRequired":true,"valueName":"search_term_string"}}],"inLanguage":"en-US"}]}},"_links":{"self":[{"href":"https:\/\/www.espoonkuvataiteilijat.fi\/en\/wp-json\/wp\/v2\/tapahtumat\/810","targetHints":{"allow":["GET"]}}],"collection":[{"href":"https:\/\/www.espoonkuvataiteilijat.fi\/en\/wp-json\/wp\/v2\/tapahtumat"}],"about":[{"href":"https:\/\/www.espoonkuvataiteilijat.fi\/en\/wp-json\/wp\/v2\/types\/tapahtumat"}],"wp:featuredmedia":[{"embeddable":true,"href":"https:\/\/www.espoonkuvataiteilijat.fi\/en\/wp-json\/wp\/v2\/media\/791"}],"wp:attachment":[{"href":"https:\/\/www.espoonkuvataiteilijat.fi\/en\/wp-json\/wp\/v2\/media?parent=810"}],"wp:term":[{"taxonomy":"post_tag","embeddable":true,"href":"https:\/\/www.espoonkuvataiteilijat.fi\/en\/wp-json\/wp\/v2\/tags?post=810"}],"curies":[{"name":"wp","href":"https:\/\/api.w.org\/{rel}","templated":true}]}}

Iiris Ruuth: Elämää etsimässä vernissage

<!-- This site is optimized with the Yoast SEO plugin v24.2 - https://yoast.com/wordpress/plugins/seo/ -->
<title>Iiris Ruuth: Elämää etsimässä vernissage - Espoon Kuvataiteilijat</title>
<meta name="robots" content="index, follow, max-snippet:-1, max-image-preview:large, max-video-preview:-1" />
<link rel="canonical" href="https://www.espoonkuvataiteilijat.fi/en/tapahtumat/iiris-ruuth-elamaa-etsimassa-vernissage/" />
<meta property="og:locale" content="en_US" />
<meta property="og:type" content="article" />
<meta property="og:title" content="Iiris Ruuth: Elämää etsimässä vernissage - Espoon Kuvataiteilijat" />
<meta property="og:description" content="Iiris Ruuth expands her sceneries to also include space. The paintings are abstract screneries with nature themes – water, earth, sky and space mixing together. Vernissage on 29.10. at 17 in Galleria Aarni. Welcome! Image: Iiris Ruuth, Red Sorghum, mixed media on canvas, 115×130 cm, 2019" />
<meta property="og:url" content="https://www.espoonkuvataiteilijat.fi/en/tapahtumat/iiris-ruuth-elamaa-etsimassa-vernissage/" />
<meta property="og:site_name" content="Espoon Kuvataiteilijat" />
<meta property="article:modified_time" content="2019-10-24T14:52:15+00:00" />
<meta property="og:image" content="https://www.espoonkuvataiteilijat.fi/wp-content/uploads/2019/09/Ruuth-Iiris-Red-Sorghum-sekatekniikka-kankaalle-115x130-cm-2019.jpg" />
	<meta property="og:image:width" content="1300" />
	<meta property="og:image:height" content="1155" />
	<meta property="og:image:type" content="image/jpeg" />
<meta name="twitter:card" content="summary_large_image" />
<script type="application/ld+json" class="yoast-schema-graph">{"@context":"https://schema.org","@graph":[{"@type":"WebPage","@id":"https://www.espoonkuvataiteilijat.fi/en/tapahtumat/iiris-ruuth-elamaa-etsimassa-vernissage/","url":"https://www.espoonkuvataiteilijat.fi/en/tapahtumat/iiris-ruuth-elamaa-etsimassa-vernissage/","name":"Iiris Ruuth: Elämää etsimässä vernissage - Espoon Kuvataiteilijat","isPartOf":{"@id":"https://www.espoonkuvataiteilijat.fi/#website"},"primaryImageOfPage":{"@id":"https://www.espoonkuvataiteilijat.fi/en/tapahtumat/iiris-ruuth-elamaa-etsimassa-vernissage/#primaryimage"},"image":{"@id":"https://www.espoonkuvataiteilijat.fi/en/tapahtumat/iiris-ruuth-elamaa-etsimassa-vernissage/#primaryimage"},"thumbnailUrl":"https://www.espoonkuvataiteilijat.fi/wp-content/uploads/2019/09/Ruuth-Iiris-Red-Sorghum-sekatekniikka-kankaalle-115x130-cm-2019.jpg","datePublished":"2019-10-24T14:52:14+00:00","dateModified":"2019-10-24T14:52:15+00:00","breadcrumb":{"@id":"https://www.espoonkuvataiteilijat.fi/en/tapahtumat/iiris-ruuth-elamaa-etsimassa-vernissage/#breadcrumb"},"inLanguage":"en-US","potentialAction":[{"@type":"ReadAction","target":["https://www.espoonkuvataiteilijat.fi/en/tapahtumat/iiris-ruuth-elamaa-etsimassa-vernissage/"]}]},{"@type":"ImageObject","inLanguage":"en-US","@id":"https://www.espoonkuvataiteilijat.fi/en/tapahtumat/iiris-ruuth-elamaa-etsimassa-vernissage/#primaryimage","url":"https://www.espoonkuvataiteilijat.fi/wp-content/uploads/2019/09/Ruuth-Iiris-Red-Sorghum-sekatekniikka-kankaalle-115x130-cm-2019.jpg","contentUrl":"https://www.espoonkuvataiteilijat.fi/wp-content/uploads/2019/09/Ruuth-Iiris-Red-Sorghum-sekatekniikka-kankaalle-115x130-cm-2019.jpg","width":1300,"height":1155,"caption":"Iiris Ruuth. Red Sorghum, sekatekniikka"},{"@type":"BreadcrumbList","@id":"https://www.espoonkuvataiteilijat.fi/en/tapahtumat/iiris-ruuth-elamaa-etsimassa-vernissage/#breadcrumb","itemListElement":[{"@type":"ListItem","position":1,"name":"Home","item":"https://www.espoonkuvataiteilijat.fi/en/"},{"@type":"ListItem","position":2,"name":"Tapahtumat","item":"https://www.espoonkuvataiteilijat.fi/tapahtumat/"},{"@type":"ListItem","position":3,"name":"Iiris Ruuth: Elämää etsimässä vernissage"}]},{"@type":"WebSite","@id":"https://www.espoonkuvataiteilijat.fi/#website","url":"https://www.espoonkuvataiteilijat.fi/","name":"Espoon Kuvataiteilijat","description":"","potentialAction":[{"@type":"SearchAction","target":{"@type":"EntryPoint","urlTemplate":"https://www.espoonkuvataiteilijat.fi/?s={search_term_string}"},"query-input":{"@type":"PropertyValueSpecification","valueRequired":true,"valueName":"search_term_string"}}],"inLanguage":"en-US"}]}</script>
<!-- / Yoast SEO plugin. -->

Iiris Ruuth: Elämää etsimässä vernissage - Espoon Kuvataiteilijat
